CRAN Package Check Results for Package sistec

Last updated on 2021-01-22 07:49:51 CET.

Flavor Version Tinstall Tcheck Ttotal Status Flags
r-devel-linux-x86_64-debian-clang 0.2.0 6.56 58.34 64.90 OK
r-devel-linux-x86_64-debian-gcc 0.2.0 5.41 43.03 48.44 OK
r-devel-linux-x86_64-fedora-clang 0.2.0 87.38 NOTE
r-devel-linux-x86_64-fedora-gcc 0.2.0 75.34 NOTE
r-devel-windows-ix86+x86_64 0.2.0 15.00 52.00 67.00 OK
r-patched-linux-x86_64 0.2.0 6.28 54.00 60.28 OK
r-patched-solaris-x86 0.2.0 99.70 NOTE
r-release-linux-x86_64 0.2.0 6.88 53.42 60.30 OK
r-release-macos-x86_64 0.2.0 NOTE
r-release-windows-ix86+x86_64 0.2.0 26.00 91.00 117.00 OK
r-oldrel-macos-x86_64 0.2.0 NOTE
r-oldrel-windows-ix86+x86_64 0.2.0 10.00 59.00 69.00 OK

Check Details

Version: 0.2.0
Check: dependencies in R code
Result: NOTE
    Namespace in Imports field not imported from: ‘stringi’
     All declared Imports should be used.
Flavors: r-devel-linux-x86_64-fedora-clang, r-devel-linux-x86_64-fedora-gcc, r-patched-solaris-x86, r-release-macos-x86_64

Version: 0.2.0
Check: dependencies in R code
Result: NOTE
    No protocol specified
    No protocol specified
    Namespace in Imports field not imported from: ‘stringi’
     All declared Imports should be used.
Flavor: r-oldrel-macos-x86_64