Last updated on 2021-01-27 06:48:35 CET.
Flavor | Version | Tinstall | Tcheck | Ttotal | Status | Flags |
---|---|---|---|---|---|---|
r-devel-linux-x86_64-debian-clang | 1.0.0 | 2.04 | 27.50 | 29.54 | OK | |
r-devel-linux-x86_64-debian-gcc | 1.0.0 | 1.87 | 21.31 | 23.18 | OK | |
r-devel-linux-x86_64-fedora-clang | 1.0.0 | 43.84 | NOTE | |||
r-devel-linux-x86_64-fedora-gcc | 1.0.0 | 34.80 | NOTE | |||
r-devel-windows-ix86+x86_64 | 1.0.0 | 7.00 | 47.00 | 54.00 | OK | |
r-patched-linux-x86_64 | 1.0.0 | 2.33 | 25.90 | 28.23 | OK | |
r-patched-solaris-x86 | 1.0.0 | 52.10 | NOTE | |||
r-release-linux-x86_64 | 1.0.0 | 2.11 | 26.23 | 28.34 | OK | |
r-release-macos-x86_64 | 1.0.0 | NOTE | ||||
r-release-windows-ix86+x86_64 | 1.0.0 | 7.00 | 34.00 | 41.00 | OK | |
r-oldrel-macos-x86_64 | 1.0.0 | NOTE | ||||
r-oldrel-windows-ix86+x86_64 | 1.0.0 | 4.00 | 44.00 | 48.00 | OK |
Version: 1.0.0
Check: dependencies in R code
Result: NOTE
Namespaces in Imports field not imported from:
‘data.table’ ‘dplyr’ ‘lubridate’ ‘rmarkdown’ ‘yaml’
All declared Imports should be used.
Flavors: r-devel-linux-x86_64-fedora-clang, r-devel-linux-x86_64-fedora-gcc, r-patched-solaris-x86, r-release-macos-x86_64, r-oldrel-macos-x86_64