CRAN Package Check Results for Package sjstats

Last updated on 2019-09-14 13:46:25 CEST.

Flavor Version Tinstall Tcheck Ttotal Status Flags
r-devel-linux-x86_64-debian-clang 0.17.6 14.01 176.69 190.70 OK
r-devel-linux-x86_64-debian-gcc 0.17.6 11.52 134.94 146.46 OK
r-devel-linux-x86_64-fedora-clang 0.17.6 180.34 NOTE
r-devel-linux-x86_64-fedora-gcc 0.17.6 157.55 NOTE
r-devel-windows-ix86+x86_64 0.17.6 44.00 241.00 285.00 OK
r-patched-linux-x86_64 0.17.6 13.72 172.47 186.19 OK
r-patched-solaris-x86 0.17.6 301.90 NOTE
r-release-linux-x86_64 0.17.6 14.83 170.74 185.57 OK
r-release-windows-ix86+x86_64 0.17.6 27.00 165.00 192.00 OK
r-release-osx-x86_64 0.17.6 NOTE
r-oldrel-windows-ix86+x86_64 0.17.6 29.00 240.00 269.00 OK
r-oldrel-osx-x86_64 0.17.6 NOTE

Check Details

Version: 0.17.6
Check: dependencies in R code
Result: NOTE
    Namespace in Imports field not imported from: ‘utils’
     All declared Imports should be used.
Flavors: r-devel-linux-x86_64-fedora-clang, r-devel-linux-x86_64-fedora-gcc, r-patched-solaris-x86, r-release-osx-x86_64, r-oldrel-osx-x86_64