Last updated on 2021-01-25 08:48:55 CET.
Flavor | Version | Tinstall | Tcheck | Ttotal | Status | Flags |
---|---|---|---|---|---|---|
r-devel-linux-x86_64-debian-clang | 2.0.1 | 5.02 | 49.29 | 54.31 | OK | |
r-devel-linux-x86_64-debian-gcc | 2.0.1 | 3.58 | 37.61 | 41.19 | OK | |
r-devel-linux-x86_64-fedora-clang | 2.0.1 | 74.52 | NOTE | |||
r-devel-linux-x86_64-fedora-gcc | 2.0.1 | 69.50 | OK | |||
r-devel-windows-ix86+x86_64 | 2.0.1 | 14.00 | 69.00 | 83.00 | OK | |
r-patched-linux-x86_64 | 2.0.1 | 4.69 | 45.95 | 50.64 | OK | |
r-patched-solaris-x86 | 2.0.1 | 88.20 | OK | |||
r-release-linux-x86_64 | 2.0.1 | 4.84 | 46.19 | 51.03 | OK | |
r-release-macos-x86_64 | 2.0.1 | OK | ||||
r-release-windows-ix86+x86_64 | 2.0.1 | 14.00 | 73.00 | 87.00 | OK | |
r-oldrel-macos-x86_64 | 2.0.1 | ERROR | ||||
r-oldrel-windows-ix86+x86_64 | 1.4.2 | 8.00 | 48.00 | 56.00 | OK |
Version: 2.0.1
Check: Rd cross-references
Result: NOTE
Undeclared package ‘xtable’ in Rd xrefs
Flavor: r-devel-linux-x86_64-fedora-clang
Version: 2.0.1
Check: whether package can be installed
Result: ERROR
Installation failed.
Flavor: r-oldrel-macos-x86_64