CRAN Package Check Results for Package smooth

Last updated on 2019-12-13 13:49:42 CET.

Flavor Version Tinstall Tcheck Ttotal Status Flags
r-devel-linux-x86_64-debian-clang 2.5.4 150.11 512.36 662.47 OK
r-devel-linux-x86_64-debian-gcc 2.5.4 117.59 382.69 500.28 OK
r-devel-linux-x86_64-fedora-clang 2.5.4 821.85 NOTE
r-devel-linux-x86_64-fedora-gcc 2.5.4 812.33 OK
r-devel-windows-ix86+x86_64 2.5.4 244.00 511.00 755.00 NOTE --no-vignettes
r-devel-windows-ix86+x86_64-gcc8 2.5.4 259.00 557.00 816.00 ERROR --no-vignettes
r-patched-linux-x86_64 2.5.4 126.18 466.12 592.30 OK
r-patched-solaris-x86 2.5.4 879.10 NOTE
r-release-linux-x86_64 2.5.4 118.61 466.04 584.65 OK
r-release-windows-ix86+x86_64 2.5.4 215.00 410.00 625.00 NOTE --no-vignettes
r-release-osx-x86_64 2.5.4 NOTE
r-oldrel-windows-ix86+x86_64 2.5.4 212.00 550.00 762.00 NOTE --no-vignettes
r-oldrel-osx-x86_64 2.5.4 NOTE

Check Details

Version: 2.5.4
Check: installed package size
Result: NOTE
     installed size is 14.0Mb
     sub-directories of 1Mb or more:
     doc 2.5Mb
     libs 10.3Mb
Flavors: r-devel-linux-x86_64-fedora-clang, r-patched-solaris-x86, r-release-osx-x86_64, r-oldrel-osx-x86_64

Version: 2.5.4
Flags: --no-vignettes
Check: installed package size
Result: NOTE
     installed size is 6.3Mb
     sub-directories of 1Mb or more:
     doc 2.5Mb
     libs 2.6Mb
Flavors: r-devel-windows-ix86+x86_64, r-devel-windows-ix86+x86_64-gcc8, r-release-windows-ix86+x86_64, r-oldrel-windows-ix86+x86_64

Version: 2.5.4
Flags: --no-vignettes
Check: running tests for arch ‘i386’
Result: ERROR
     Running 'testthat.R' [125s]
    Running the tests in 'tests/testthat.R' failed.
    Complete output:
     > library(testthat)
     > library(smooth)
     Loading required package: greybox
     Package "greybox", v0.5.6 loaded.
     This is package "smooth", v2.5.4
     >
     > test_check("smooth")
     -- 1. Failure: Select exogenous variables for GUMX on N1457 (@test_ges.R#40) --
     suppressWarnings(testModel$xreg) is not null.
    
     == testthat results ===========================================================
     [ OK: 72 | SKIPPED: 0 | WARNINGS: 0 | FAILED: 1 ]
     1. Failure: Select exogenous variables for GUMX on N1457 (@test_ges.R#40)
    
     Error: testthat unit tests failed
     Execution halted
Flavor: r-devel-windows-ix86+x86_64-gcc8