CRAN Package Check Results for Package smpic

Last updated on 2020-10-29 13:48:56 CET.

Flavor Version Tinstall Tcheck Ttotal Status Flags
r-devel-linux-x86_64-debian-clang 0.1.0 1.99 36.90 38.89 NOTE
r-devel-linux-x86_64-debian-gcc 0.1.0 1.76 27.88 29.64 NOTE
r-devel-linux-x86_64-fedora-clang 0.1.0 56.89 NOTE
r-devel-linux-x86_64-fedora-gcc 0.1.0 45.31 NOTE
r-devel-windows-ix86+x86_64 0.1.0 6.00 44.00 50.00 OK
r-patched-linux-x86_64 0.1.0 2.17 34.26 36.43 NOTE
r-patched-solaris-x86 0.1.0 79.10 NOTE
r-release-linux-x86_64 0.1.0 2.14 34.50 36.64 NOTE
r-release-macos-x86_64 0.1.0 OK
r-release-windows-ix86+x86_64 0.1.0 4.00 58.00 62.00 OK
r-oldrel-macos-x86_64 0.1.0 OK
r-oldrel-windows-ix86+x86_64 0.1.0 5.00 54.00 59.00 OK

Check Details

Version: 0.1.0
Check: for non-standard things in the check directory
Result: NOTE
    Found the following files/directories:
     'my_new_social_media_plot.png'
Flavors: r-devel-linux-x86_64-debian-clang, r-devel-linux-x86_64-debian-gcc, r-devel-linux-x86_64-fedora-clang, r-devel-linux-x86_64-fedora-gcc, r-patched-linux-x86_64, r-patched-solaris-x86, r-release-linux-x86_64