CRAN Package Check Results for Package snakecase

Last updated on 2019-09-19 11:47:08 CEST.

Flavor Version Tinstall Tcheck Ttotal Status Flags
r-devel-linux-x86_64-debian-clang 0.11.0 2.42 30.49 32.91 OK
r-devel-linux-x86_64-debian-gcc 0.11.0 2.19 24.75 26.94 OK
r-devel-linux-x86_64-fedora-clang 0.11.0 43.09 OK
r-devel-linux-x86_64-fedora-gcc 0.11.0 42.24 OK
r-devel-windows-ix86+x86_64 0.11.0 9.00 50.00 59.00 WARN
r-patched-linux-x86_64 0.11.0 2.38 30.82 33.20 OK
r-patched-solaris-x86 0.11.0 87.70 OK
r-release-linux-x86_64 0.11.0 2.16 31.09 33.25 OK
r-release-windows-ix86+x86_64 0.11.0 5.00 62.00 67.00 OK
r-release-osx-x86_64 0.11.0 OK
r-oldrel-windows-ix86+x86_64 0.11.0 3.00 49.00 52.00 OK
r-oldrel-osx-x86_64 0.11.0 OK

Check Details

Version: 0.11.0
Check: R files for syntax errors
Result: WARN
    Warnings in file 'R/replace_special_characters_internal.R':
     unable to translate '<U+00C4>' to native encoding
     unable to translate '<U+00D6>' to native encoding
     unable to translate '<U+00DC>' to native encoding
     unable to translate '<U+00E4>' to native encoding
     unable to translate '<U+00F6>' to native encoding
     unable to translate '<U+00FC>' to native encoding
     unable to translate '<U+00DF>' to native encoding
     unable to translate '<U+00C6>' to native encoding
     unable to translate '<U+00E6>' to native encoding
     unable to translate '<U+00D8>' to native encoding
     unable to translate '<U+00F8>' to native encoding
     unable to translate '<U+00C5>' to native encoding
     unable to translate '<U+00E5>' to native encoding
     unable to translate '<U+00C6>' to native encoding
     unable to translate '<U+00E6>' to native encoding
     unable to translate '<U+00D8>' to native encoding
     unable to translate '<U+00F8>' to native encoding
     unable to translate '<U+00C6>' to native encoding
     unable to translate '<U+00E6>' to native encoding
     unable to translate '<U+00D8>' to native encoding
     unable to translate '<U+00F8>' to native encoding
     unable to translate '<U+00C5>' to native encoding
     unable to translate '<U+00E5>' to native encoding
Flavor: r-devel-windows-ix86+x86_64