CRAN Package Check Results for Package snplist

Last updated on 2019-09-15 11:47:23 CEST.

Flavor Version Tinstall Tcheck Ttotal Status Flags
r-devel-linux-x86_64-debian-clang 0.18.1 21.70 131.57 153.27 NOTE
r-devel-linux-x86_64-debian-gcc 0.18.1 19.02 100.55 119.57 NOTE
r-devel-linux-x86_64-fedora-clang 0.18.1 199.58 NOTE
r-devel-linux-x86_64-fedora-gcc 0.18.1 182.69 NOTE
r-devel-windows-ix86+x86_64 0.18.1 75.00 178.00 253.00 OK
r-patched-linux-x86_64 0.18.1 19.30 117.57 136.87 OK
r-patched-solaris-x86 0.18.1 252.00 OK
r-release-linux-x86_64 0.18.1 17.91 117.75 135.66 OK
r-release-windows-ix86+x86_64 0.18.1 44.00 170.00 214.00 OK
r-release-osx-x86_64 0.18.1 ERROR
r-oldrel-windows-ix86+x86_64 0.18.1 49.00 161.00 210.00 OK
r-oldrel-osx-x86_64 0.18.1 OK

Check Details

Version: 0.18.1
Check: for non-standard things in the check directory
Result: NOTE
    Found the following files/directories:
     'geneSet.set' 'snplistdb.sqlite'
Flavors: r-devel-linux-x86_64-debian-clang, r-devel-linux-x86_64-debian-gcc, r-devel-linux-x86_64-fedora-clang, r-devel-linux-x86_64-fedora-gcc

Version: 0.18.1
Check: package dependencies
Result: ERROR
    Package required but not available: ‘biomaRt’
    
    See section ‘The DESCRIPTION file’ in the ‘Writing R Extensions’
    manual.
Flavor: r-release-osx-x86_64