CRAN Package Check Results for Package socialmixr

Last updated on 2019-10-15 13:47:07 CEST.

Flavor Version Tinstall Tcheck Ttotal Status Flags
r-devel-linux-x86_64-debian-clang 0.1.5 5.30 68.85 74.15 OK
r-devel-linux-x86_64-debian-gcc 0.1.5 4.55 71.99 76.54 OK
r-devel-linux-x86_64-fedora-clang 0.1.5 87.89 OK
r-devel-linux-x86_64-fedora-gcc 0.1.5 78.48 OK
r-devel-windows-ix86+x86_64 0.1.5 11.00 145.00 156.00 OK
r-patched-linux-x86_64 0.1.5 4.71 63.94 68.65 OK
r-patched-solaris-x86 0.1.5 108.90 ERROR
r-release-linux-x86_64 0.1.5 5.41 67.95 73.36 OK
r-release-windows-ix86+x86_64 0.1.5 18.00 113.00 131.00 OK
r-release-osx-x86_64 0.1.5 OK
r-oldrel-windows-ix86+x86_64 0.1.5 5.00 109.00 114.00 OK
r-oldrel-osx-x86_64 0.1.5 OK

Check Details

Version: 0.1.5
Check: tests
Result: ERROR
     Running ‘testthat.R’ [15s/48s]
    Running the tests in ‘tests/testthat.R’ failed.
    Complete output:
     > library(testthat)
     > library(socialmixr)
    
     Attaching package: 'socialmixr'
    
     The following object is masked from 'package:utils':
    
     cite
    
     >
     > test_check("socialmixr")
     ── 1. Error: surveys can be downloaded (@test-surveys.r#10) ───────────────────
     HTTP error 500.
     1: expect_true(class(suppressWarnings(get_survey("10.5281/zenodo.1059920"))) == "survey") at testthat/test-surveys.r:10
     2: quasi_label(enquo(object), label, arg = "object")
     3: eval_bare(get_expr(quo), get_env(quo))
     4: suppressWarnings(get_survey("10.5281/zenodo.1059920"))
     5: withCallingHandlers(expr, warning = function(w) invokeRestart("muffleWarning"))
     6: get_survey("10.5281/zenodo.1059920")
     7: vapply(urls, function(x) {
     temp <- paste(dir, basename(x), sep = "/")
     message("Downloading ", x)
     dl <- curl_download(x, temp)
     return(temp)
     }, "")
     8: FUN(X[[i]], ...)
     9: curl_download(x, temp)
    
    
     To cite POLYMOD social contact data in publications use:
    
     Mossong J, Hens N, Jit M, Beutels P, Auranen K, Mikolajczyk R, Massari
     M, Salmaso S, Tomba GS, Wallinga J, Heijne J, Sadkowska-Todys M,
     Rosinska M, Edmunds WJ (2017). "POLYMOD social contact data." doi:
     10.5281/zenodo.1157934 (URL: https://doi.org/10.5281/zenodo.1157934),
     Version 1.1.
    
     A BibTeX entry for LaTeX users is
    
     @Misc{,
     title = {POLYMOD social contact data},
     author = {Joel Mossong and Niel Hens and Mark Jit and Philippe Beutels and Kari Auranen and Rafael Mikolajczyk and Marco Massari and Stefania Salmaso and Gianpaolo Scalia Tomba and Jacco Wallinga and Janneke Heijne and Malgorzata Sadkowska-Todys and Magdalena Rosinska and W. John Edmunds},
     doi = {https://doi.org/10.5281/zenodo.1157934},
     note = {Version 1.1},
     year = {2017},
     }
    
     ══ testthat results ═══════════════════════════════════════════════════════════
     [ OK: 34 | SKIPPED: 0 | WARNINGS: 0 | FAILED: 1 ]
     1. Error: surveys can be downloaded (@test-surveys.r#10)
    
     Error: testthat unit tests failed
     Execution halted
Flavor: r-patched-solaris-x86