CRAN Package Check Results for Package sourceR

Last updated on 2019-12-14 11:50:07 CET.

Flavor Version Tinstall Tcheck Ttotal Status Flags
r-devel-linux-x86_64-debian-clang 1.0.1 21.51 82.05 103.56 OK
r-devel-linux-x86_64-debian-gcc 1.0.1 17.44 60.42 77.86 OK
r-devel-linux-x86_64-fedora-clang 1.0.1 124.70 NOTE
r-devel-linux-x86_64-fedora-gcc 1.0.1 121.96 NOTE
r-devel-windows-ix86+x86_64 1.0.1 30.00 143.00 173.00 OK
r-devel-windows-ix86+x86_64-gcc8 1.0.1 29.00 127.00 156.00 OK
r-patched-linux-x86_64 1.0.1 19.41 71.61 91.02 OK
r-patched-solaris-x86 1.0.1 151.90 NOTE
r-release-linux-x86_64 1.0.1 18.42 71.77 90.19 OK
r-release-windows-ix86+x86_64 1.0.1 27.00 93.00 120.00 OK
r-release-osx-x86_64 1.0.1 NOTE
r-oldrel-windows-ix86+x86_64 1.0.1 24.00 97.00 121.00 OK
r-oldrel-osx-x86_64 1.0.1 NOTE

Check Details

Version: 1.0.1
Check: dependencies in R code
Result: NOTE
    Namespaces in Imports field not imported from:
     ‘gtools’ ‘hashmap’ ‘reshape2’
     All declared Imports should be used.
Flavors: r-devel-linux-x86_64-fedora-clang, r-devel-linux-x86_64-fedora-gcc, r-patched-solaris-x86, r-release-osx-x86_64, r-oldrel-osx-x86_64