CRAN Package Check Results for Package sourceR

Last updated on 2019-08-22 08:49:16 CEST.

Flavor Version Tinstall Tcheck Ttotal Status Flags
r-devel-linux-x86_64-debian-clang 1.0.1 18.81 77.15 95.96 OK
r-devel-linux-x86_64-debian-gcc 1.0.1 17.07 56.18 73.25 OK
r-devel-linux-x86_64-fedora-clang 1.0.1 114.76 NOTE
r-devel-linux-x86_64-fedora-gcc 1.0.1 122.62 NOTE
r-devel-windows-ix86+x86_64 1.0.1 43.00 122.00 165.00 OK
r-patched-linux-x86_64 1.0.1 18.11 72.22 90.33 OK
r-patched-solaris-x86 1.0.1 156.30 NOTE
r-release-linux-x86_64 1.0.1 17.67 72.64 90.31 OK
r-release-windows-ix86+x86_64 1.0.1 41.00 121.00 162.00 OK
r-release-osx-x86_64 1.0.1 NOTE
r-oldrel-windows-ix86+x86_64 1.0.1 33.00 122.00 155.00 OK
r-oldrel-osx-x86_64 1.0.1 NOTE

Check Details

Version: 1.0.1
Check: dependencies in R code
Result: NOTE
    Namespaces in Imports field not imported from:
     ‘gtools’ ‘hashmap’ ‘reshape2’
     All declared Imports should be used.
Flavors: r-devel-linux-x86_64-fedora-clang, r-devel-linux-x86_64-fedora-gcc, r-patched-solaris-x86, r-release-osx-x86_64, r-oldrel-osx-x86_64