Last updated on 2021-01-27 06:48:36 CET.
Flavor | Version | Tinstall | Tcheck | Ttotal | Status | Flags |
---|---|---|---|---|---|---|
r-devel-linux-x86_64-debian-clang | 1.0 | 12.27 | 102.70 | 114.97 | OK | |
r-devel-linux-x86_64-debian-gcc | 1.0 | 10.15 | 76.72 | 86.87 | OK | |
r-devel-linux-x86_64-fedora-clang | 1.0 | 145.50 | NOTE | |||
r-devel-linux-x86_64-fedora-gcc | 1.0 | 135.52 | NOTE | |||
r-devel-windows-ix86+x86_64 | 1.0 | 31.00 | 128.00 | 159.00 | NOTE | |
r-patched-linux-x86_64 | 1.0 | 12.80 | 93.39 | 106.19 | OK | |
r-patched-solaris-x86 | 1.0 | 206.50 | NOTE | |||
r-release-linux-x86_64 | 1.0 | 13.90 | 93.05 | 106.95 | OK | |
r-release-macos-x86_64 | 1.0 | NOTE | ||||
r-release-windows-ix86+x86_64 | 1.0 | 30.00 | 99.00 | 129.00 | NOTE | |
r-oldrel-macos-x86_64 | 1.0 | NOTE | ||||
r-oldrel-windows-ix86+x86_64 | 1.0 | 23.00 | 125.00 | 148.00 | NOTE |
Version: 1.0
Check: installed package size
Result: NOTE
installed size is 5.9Mb
sub-directories of 1Mb or more:
data 4.3Mb
help 1.6Mb
Flavors: r-devel-linux-x86_64-fedora-clang, r-devel-windows-ix86+x86_64, r-patched-solaris-x86, r-release-macos-x86_64, r-release-windows-ix86+x86_64, r-oldrel-macos-x86_64, r-oldrel-windows-ix86+x86_64
Version: 1.0
Check: data for non-ASCII characters
Result: NOTE
Note: found 34 marked UTF-8 strings
Flavors: r-devel-linux-x86_64-fedora-clang, r-devel-linux-x86_64-fedora-gcc, r-patched-solaris-x86, r-release-macos-x86_64, r-oldrel-macos-x86_64