CRAN Package Check Results for Package spatstat

Last updated on 2019-09-24 09:49:04 CEST.

Flavor Version Tinstall Tcheck Ttotal Status Flags
r-devel-linux-x86_64-debian-clang 1.60-1 146.43 879.26 1025.69 OK --no-tests
r-devel-linux-x86_64-debian-gcc 1.61-0 127.06 660.00 787.06 OK --no-tests
r-devel-linux-x86_64-fedora-clang 1.61-0 1936.16 NOTE
r-devel-linux-x86_64-fedora-gcc 1.61-0 1929.22 OK
r-devel-windows-ix86+x86_64 1.61-0 286.00 511.00 797.00 NOTE --no-examples --no-tests --no-vignettes
r-patched-linux-x86_64 1.61-0 146.35 873.79 1020.14 OK --no-tests
r-patched-solaris-x86 1.61-0 2414.10 NOTE
r-release-linux-x86_64 1.60-1 142.54 873.75 1016.29 OK --no-tests
r-release-windows-ix86+x86_64 1.60-1 404.00 578.00 982.00 NOTE --no-examples --no-tests --no-vignettes
r-release-osx-x86_64 1.60-1 NOTE
r-oldrel-windows-ix86+x86_64 1.61-0 251.00 382.00 633.00 NOTE --no-examples --no-tests --no-vignettes
r-oldrel-osx-x86_64 1.61-0 NOTE

Check Details

Version: 1.61-0
Check: installed package size
Result: NOTE
     installed size is 18.3Mb
     sub-directories of 1Mb or more:
     R 5.2Mb
     doc 4.9Mb
     help 5.2Mb
     libs 2.1Mb
Flavors: r-devel-linux-x86_64-fedora-clang, r-patched-solaris-x86, r-oldrel-osx-x86_64

Version: 1.61-0
Flags: --no-examples --no-tests --no-vignettes
Check: installed package size
Result: NOTE
     installed size is 17.5Mb
     sub-directories of 1Mb or more:
     R 5.2Mb
     doc 4.9Mb
     help 5.2Mb
     libs 1.2Mb
Flavors: r-devel-windows-ix86+x86_64, r-oldrel-windows-ix86+x86_64

Version: 1.60-1
Flags: --no-examples --no-tests --no-vignettes
Check: installed package size
Result: NOTE
     installed size is 17.4Mb
     sub-directories of 1Mb or more:
     R 5.2Mb
     doc 4.9Mb
     help 5.2Mb
     libs 1.2Mb
Flavor: r-release-windows-ix86+x86_64

Version: 1.60-1
Check: package dependencies
Result: NOTE
    Package suggested but not available for checking: ‘rpanel’
Flavor: r-release-osx-x86_64

Version: 1.60-1
Check: installed package size
Result: NOTE
     installed size is 18.1Mb
     sub-directories of 1Mb or more:
     R 5.2Mb
     doc 4.9Mb
     help 5.2Mb
     libs 1.8Mb
Flavor: r-release-osx-x86_64

Version: 1.61-0
Check: package dependencies
Result: NOTE
    Package suggested but not available for checking: ‘rpanel’
Flavor: r-oldrel-osx-x86_64

Version: 1.61-0
Check: dependencies in R code
Result: NOTE
    No protocol specified
    No protocol specified
Flavor: r-oldrel-osx-x86_64