CRAN Package Check Results for Package spfrontier

Last updated on 2019-11-17 13:46:45 CET.

Flavor Version Tinstall Tcheck Ttotal Status Flags
r-devel-linux-x86_64-debian-clang 0.2.3 12.86 104.29 117.15 NOTE
r-devel-linux-x86_64-debian-gcc 0.2.3 10.44 79.38 89.82 NOTE
r-devel-linux-x86_64-fedora-clang 0.2.3 136.45 NOTE
r-devel-linux-x86_64-fedora-gcc 0.2.3 138.11 NOTE
r-devel-windows-ix86+x86_64 0.2.3 49.00 145.00 194.00 OK
r-patched-linux-x86_64 0.2.3 10.66 98.70 109.36 OK
r-patched-solaris-x86 0.2.3 217.80 OK
r-release-linux-x86_64 0.2.3 10.77 97.27 108.04 OK
r-release-windows-ix86+x86_64 0.2.3 28.00 159.00 187.00 OK
r-release-osx-x86_64 0.2.3 OK
r-oldrel-windows-ix86+x86_64 0.2.3 15.00 160.00 175.00 OK
r-oldrel-osx-x86_64 0.2.3 OK

Check Details

Version: 0.2.3
Check: for non-standard things in the check directory
Result: NOTE
    Found the following files/directories:
     'test29574-270.rData' 'test29574-35.rData' 'test29574-48.rData'
     'test29574-92.rData'
Flavor: r-devel-linux-x86_64-debian-clang

Version: 0.2.3
Check: for non-standard things in the check directory
Result: NOTE
    Found the following files/directories:
     ‘test2726-270.rData’ ‘test2726-35.rData’ ‘test2726-48.rData’
     ‘test2726-92.rData’
Flavor: r-devel-linux-x86_64-debian-gcc

Version: 0.2.3
Check: for non-standard things in the check directory
Result: NOTE
    Found the following files/directories:
     ‘test24426-270.rData’ ‘test24426-35.rData’ ‘test24426-48.rData’
     ‘test24426-92.rData’
Flavor: r-devel-linux-x86_64-fedora-clang

Version: 0.2.3
Check: for non-standard things in the check directory
Result: NOTE
    Found the following files/directories:
     ‘test18874-270.rData’ ‘test18874-35.rData’ ‘test18874-48.rData’
     ‘test18874-92.rData’
Flavor: r-devel-linux-x86_64-fedora-gcc