Last updated on 2021-04-13 06:47:05 CEST.
Flavor | Version | Tinstall | Tcheck | Ttotal | Status | Flags |
---|---|---|---|---|---|---|
r-devel-linux-x86_64-debian-clang | 0.2.1 | 31.36 | 236.33 | 267.69 | NOTE | |
r-devel-linux-x86_64-debian-gcc | 0.2.1 | 27.91 | 181.34 | 209.25 | NOTE | |
r-devel-linux-x86_64-fedora-clang | 0.2.1 | 329.94 | NOTE | |||
r-devel-linux-x86_64-fedora-gcc | 0.2.1 | 321.99 | NOTE | |||
r-devel-windows-ix86+x86_64 | 0.2.1 | 65.00 | 266.00 | 331.00 | NOTE | |
r-devel-windows-x86_64-gcc10-UCRT | 0.2.1 | NOTE | ||||
r-patched-linux-x86_64 | 0.2.1 | 27.17 | 217.70 | 244.87 | OK | |
r-patched-solaris-x86 | 0.2.1 | 454.40 | OK | |||
r-release-linux-x86_64 | 0.2.1 | 31.16 | 216.88 | 248.04 | OK | |
r-release-macos-x86_64 | 0.2.1 | OK | ||||
r-release-windows-ix86+x86_64 | 0.2.1 | 57.00 | 256.00 | 313.00 | OK | |
r-oldrel-macos-x86_64 | 0.2.1 | OK | ||||
r-oldrel-windows-ix86+x86_64 | 0.2.1 | 46.00 | 165.00 | 211.00 | OK |
Version: 0.2.1
Check: LazyData
Result: NOTE
'LazyData' is specified without a 'data' directory
Flavors: r-devel-linux-x86_64-debian-clang, r-devel-linux-x86_64-debian-gcc, r-devel-linux-x86_64-fedora-clang, r-devel-linux-x86_64-fedora-gcc, r-devel-windows-ix86+x86_64, r-devel-windows-x86_64-gcc10-UCRT