CRAN Package Check Results for Package spsur

Last updated on 2021-01-18 06:46:50 CET.

Flavor Version Tinstall Tcheck Ttotal Status Flags
r-devel-linux-x86_64-debian-clang 1.0.1.6 25.55 215.56 241.11 OK
r-devel-linux-x86_64-debian-gcc 1.0.1.6 21.71 158.78 180.49 OK
r-devel-linux-x86_64-fedora-clang 1.0.1.6 313.74 NOTE
r-devel-linux-x86_64-fedora-gcc 1.0.1.6 281.01 NOTE
r-devel-windows-ix86+x86_64 1.0.1.6 36.00 206.00 242.00 OK
r-patched-linux-x86_64 1.0.1.6 23.57 195.20 218.77 OK
r-patched-solaris-x86 1.0.1.6 371.70 NOTE
r-release-linux-x86_64 1.0.1.6 25.73 197.23 222.96 OK
r-release-macos-x86_64 1.0.1.6 NOTE
r-release-windows-ix86+x86_64 1.0.1.6 43.00 198.00 241.00 OK
r-oldrel-macos-x86_64 1.0.1.6 NOTE
r-oldrel-windows-ix86+x86_64 1.0.1.6 43.00 225.00 268.00 OK

Check Details

Version: 1.0.1.6
Check: dependencies in R code
Result: NOTE
    Namespaces in Imports field not imported from:
     ‘Rdpack’ ‘car’ ‘knitr’ ‘lmtest’ ‘rmarkdown’
     All declared Imports should be used.
Flavors: r-devel-linux-x86_64-fedora-clang, r-devel-linux-x86_64-fedora-gcc, r-patched-solaris-x86, r-release-macos-x86_64, r-oldrel-macos-x86_64