CRAN Package Check Results for Package spsurvey

Last updated on 2019-10-22 13:46:33 CEST.

Flavor Version Tinstall Tcheck Ttotal Status Flags
r-devel-linux-x86_64-debian-clang 4.1.0 37.39 709.99 747.38 OK
r-devel-linux-x86_64-debian-gcc 4.1.0 27.71 534.67 562.38 OK
r-devel-linux-x86_64-fedora-clang 4.1.0 865.28 OK
r-devel-linux-x86_64-fedora-gcc 4.1.0 858.05 OK
r-devel-windows-ix86+x86_64 4.1.0 56.00 1170.00 1226.00 OK
r-patched-linux-x86_64 4.1.0 27.05 694.50 721.55 OK
r-patched-solaris-x86 4.1.0 2914.20 NOTE
r-release-linux-x86_64 4.1.0 32.90 704.63 737.53 OK
r-release-windows-ix86+x86_64 4.1.0 76.00 840.00 916.00 OK
r-release-osx-x86_64 4.1.0 OK
r-oldrel-windows-ix86+x86_64 4.1.0 55.00 1125.00 1180.00 OK
r-oldrel-osx-x86_64 4.1.0 OK

Check Details

Version: 4.1.0
Check: installed package size
Result: NOTE
     installed size is 5.4Mb
     sub-directories of 1Mb or more:
     doc 2.9Mb
Flavor: r-patched-solaris-x86