CRAN Package Check Results for Package spsurvey

Last updated on 2020-07-11 13:50:23 CEST.

Flavor Version Tinstall Tcheck Ttotal Status Flags
r-devel-linux-x86_64-debian-clang 4.1.3 41.62 247.72 289.34 OK --no-vignettes
r-devel-linux-x86_64-debian-gcc 4.1.3 33.47 184.89 218.36 OK --no-vignettes
r-devel-linux-x86_64-fedora-gcc 4.1.3 1269.76 OK
r-devel-windows-ix86+x86_64 4.1.3 71.00 330.00 401.00 OK --no-vignettes
r-patched-linux-x86_64 4.1.3 28.54 244.58 273.12 OK --no-vignettes
r-patched-solaris-x86 4.1.3 3022.60 NOTE
r-release-linux-x86_64 4.1.3 29.11 245.23 274.34 OK --no-vignettes
r-release-osx-x86_64 4.1.3 OK
r-release-windows-ix86+x86_64 4.1.3 59.00 323.00 382.00 OK --no-vignettes
r-oldrel-osx-x86_64 4.1.3 OK
r-oldrel-windows-ix86+x86_64 4.1.3 63.00 296.00 359.00 OK --no-vignettes

Check Details

Version: 4.1.3
Check: installed package size
Result: NOTE
     installed size is 5.3Mb
     sub-directories of 1Mb or more:
     doc 2.9Mb
Flavor: r-patched-solaris-x86