CRAN Package Check Results for Package statVisual

Last updated on 2021-01-22 07:49:52 CET.

Flavor Version Tinstall Tcheck Ttotal Status Flags
r-devel-linux-x86_64-debian-clang 1.2.1 20.70 214.40 235.10 OK
r-devel-linux-x86_64-debian-gcc 1.2.1 15.42 156.24 171.66 OK
r-devel-linux-x86_64-fedora-clang 1.2.1 298.16 NOTE
r-devel-linux-x86_64-fedora-gcc 1.2.1 265.02 NOTE
r-devel-windows-ix86+x86_64 1.2.1 43.00 181.00 224.00 OK
r-patched-linux-x86_64 1.2.1 16.00 193.19 209.19 OK
r-patched-solaris-x86 1.2.1 344.30 NOTE
r-release-linux-x86_64 1.2.1 12.99 196.53 209.52 OK
r-release-macos-x86_64 1.2.1 ERROR
r-release-windows-ix86+x86_64 1.2.1 44.00 267.00 311.00 OK
r-oldrel-macos-x86_64 1.2.1 NOTE
r-oldrel-windows-ix86+x86_64 1.2.1 26.00 181.00 207.00 OK

Check Details

Version: 1.2.1
Check: package dependencies
Result: NOTE
    Imports includes 23 non-default packages.
    Importing from so many packages makes the package vulnerable to any of
    them becoming unavailable. Move as many as possible to Suggests and
    use conditionally.
Flavor: r-devel-linux-x86_64-fedora-clang

Version: 1.2.1
Check: dependencies in R code
Result: NOTE
    Namespaces in Imports field not imported from:
     ‘gbm’ ‘ggfortify’ ‘tibble’ ‘tidyverse’
     All declared Imports should be used.
Flavors: r-devel-linux-x86_64-fedora-clang, r-devel-linux-x86_64-fedora-gcc, r-patched-solaris-x86, r-oldrel-macos-x86_64

Version: 1.2.1
Check: package dependencies
Result: ERROR
    Package required but not available: ‘pvca’
    
    See section ‘The DESCRIPTION file’ in the ‘Writing R Extensions’
    manual.
Flavor: r-release-macos-x86_64