Last updated on 2021-01-24 07:51:00 CET.
Flavor | Version | Tinstall | Tcheck | Ttotal | Status | Flags |
---|---|---|---|---|---|---|
r-devel-linux-x86_64-debian-clang | 0.3.0 | 95.69 | 112.32 | 208.01 | OK | |
r-devel-linux-x86_64-debian-gcc | 0.3.0 | 62.25 | 85.42 | 147.67 | OK | |
r-devel-linux-x86_64-fedora-clang | 0.3.0 | 300.77 | NOTE | |||
r-devel-linux-x86_64-fedora-gcc | 0.3.0 | 254.38 | OK | |||
r-devel-windows-ix86+x86_64 | 0.3.0 | 220.00 | 150.00 | 370.00 | NOTE | |
r-patched-linux-x86_64 | 0.3.0 | 78.99 | 104.12 | 183.11 | OK | |
r-patched-solaris-x86 | 0.3.0 | 300.00 | OK | |||
r-release-linux-x86_64 | 0.3.0 | 74.88 | 103.30 | 178.18 | OK | |
r-release-macos-x86_64 | 0.3.0 | NOTE | ||||
r-release-windows-ix86+x86_64 | 0.3.0 | 200.00 | 211.00 | 411.00 | NOTE | |
r-oldrel-macos-x86_64 | 0.3.0 | NOTE | ||||
r-oldrel-windows-ix86+x86_64 | 0.3.0 | 168.00 | 195.00 | 363.00 | OK |
Version: 0.3.0
Check: installed package size
Result: NOTE
installed size is 7.3Mb
sub-directories of 1Mb or more:
data 2.3Mb
libs 4.7Mb
Flavors: r-devel-linux-x86_64-fedora-clang, r-devel-windows-ix86+x86_64, r-release-macos-x86_64, r-release-windows-ix86+x86_64, r-oldrel-macos-x86_64