CRAN Package Check Results for Package steemr

Last updated on 2020-02-21 13:47:52 CET.

Flavor Version Tinstall Tcheck Ttotal Status Flags
r-devel-linux-x86_64-debian-clang 0.1.3 14.20 98.99 113.19 OK
r-devel-linux-x86_64-debian-gcc 0.1.3 11.66 74.18 85.84 OK
r-devel-linux-x86_64-fedora-clang 0.1.3 141.28 NOTE
r-devel-linux-x86_64-fedora-gcc 0.1.3 132.45 NOTE
r-devel-windows-ix86+x86_64 0.1.3 30.00 114.00 144.00 OK
r-devel-windows-ix86+x86_64-gcc8 0.1.3 54.00 118.00 172.00 OK
r-patched-linux-x86_64 0.1.3 13.37 83.29 96.66 OK
r-patched-solaris-x86 0.1.3 193.10 NOTE
r-release-linux-x86_64 0.1.3 11.72 87.99 99.71 OK
r-release-windows-ix86+x86_64 0.1.3 23.00 116.00 139.00 OK
r-release-osx-x86_64 0.1.3 NOTE
r-oldrel-windows-ix86+x86_64 0.1.3 16.00 97.00 113.00 OK
r-oldrel-osx-x86_64 0.1.3 NOTE

Check Details

Version: 0.1.3
Check: package dependencies
Result: NOTE
    Imports includes 27 non-default packages.
    Importing from so many packages makes the package vulnerable to any of
    them becoming unavailable. Move as many as possible to Suggests and
    use conditionally.
Flavor: r-devel-linux-x86_64-fedora-clang

Version: 0.1.3
Check: dependencies in R code
Result: NOTE
    Namespaces in Imports field not imported from:
     ‘rlist’ ‘tm’ ‘zoo’
     All declared Imports should be used.
Flavors: r-devel-linux-x86_64-fedora-clang, r-devel-linux-x86_64-fedora-gcc, r-patched-solaris-x86, r-release-osx-x86_64, r-oldrel-osx-x86_64