CRAN Package Check Results for Package stmCorrViz

Last updated on 2020-02-23 13:47:51 CET.

Flavor Version Tinstall Tcheck Ttotal Status Flags
r-devel-linux-x86_64-debian-clang 1.3 2.70 63.54 66.24 NOTE
r-devel-linux-x86_64-debian-gcc 1.3 2.04 81.04 83.08 NOTE
r-devel-linux-x86_64-fedora-clang 1.3 69.05 NOTE
r-devel-linux-x86_64-fedora-gcc 1.3 62.21 NOTE
r-devel-windows-ix86+x86_64 1.3 8.00 51.00 59.00 OK
r-devel-windows-ix86+x86_64-gcc8 1.3 17.00 50.00 67.00 OK
r-patched-linux-x86_64 1.3 OK
r-patched-solaris-x86 1.3 65.60 NOTE
r-release-linux-x86_64 1.3 1.96 56.83 58.79 OK
r-release-windows-ix86+x86_64 1.3 4.00 51.00 55.00 OK
r-release-osx-x86_64 1.3 NOTE
r-oldrel-windows-ix86+x86_64 1.3 3.00 50.00 53.00 OK
r-oldrel-osx-x86_64 1.3 NOTE

Check Details

Version: 1.3
Check: for non-standard things in the check directory
Result: NOTE
    Found the following files/directories:
     'corrviz.html'
Flavors: r-devel-linux-x86_64-debian-clang, r-devel-linux-x86_64-debian-gcc, r-devel-linux-x86_64-fedora-clang, r-devel-linux-x86_64-fedora-gcc

Version: 1.3
Check: dependencies in R code
Result: NOTE
    Namespaces in Imports field not imported from:
     ‘SnowballC’ ‘tm’
     All declared Imports should be used.
Flavors: r-devel-linux-x86_64-fedora-clang, r-devel-linux-x86_64-fedora-gcc, r-patched-solaris-x86, r-release-osx-x86_64, r-oldrel-osx-x86_64