CRAN Package Check Results for Package stpm

Last updated on 2019-10-15 13:47:08 CEST.

Flavor Version Tinstall Tcheck Ttotal Status Flags
r-devel-linux-x86_64-debian-clang 1.7.7 218.44 377.81 596.25 OK
r-devel-linux-x86_64-debian-gcc 1.7.7 155.43 294.74 450.17 OK
r-devel-linux-x86_64-fedora-clang 1.7.7 710.54 NOTE
r-devel-linux-x86_64-fedora-gcc 1.7.7 565.14 NOTE
r-devel-windows-ix86+x86_64 1.7.7 313.00 533.00 846.00 OK
r-patched-linux-x86_64 1.7.7 171.05 168.58 339.63 WARN
r-patched-solaris-x86 1.7.7 844.20 NOTE
r-release-linux-x86_64 1.7.7 165.20 175.57 340.77 WARN
r-release-windows-ix86+x86_64 1.7.7 417.00 399.00 816.00 OK
r-release-osx-x86_64 1.7.7 NOTE
r-oldrel-windows-ix86+x86_64 1.7.7 297.00 421.00 718.00 OK
r-oldrel-osx-x86_64 1.7.7 NOTE

Check Details

Version: 1.7.7
Check: installed package size
Result: NOTE
     installed size is 9.4Mb
     sub-directories of 1Mb or more:
     libs 6.9Mb
Flavors: r-devel-linux-x86_64-fedora-clang, r-release-osx-x86_64, r-oldrel-osx-x86_64

Version: 1.7.7
Check: dependencies in R code
Result: NOTE
    Namespace in Imports field not imported from: ‘knitcitations’
     All declared Imports should be used.
Flavors: r-devel-linux-x86_64-fedora-clang, r-devel-linux-x86_64-fedora-gcc, r-patched-solaris-x86, r-release-osx-x86_64, r-oldrel-osx-x86_64

Version: 1.7.7
Check: re-building of vignette outputs
Result: WARN
    Error(s) in re-building vignettes:
     ...
    --- re-building ‘stpm-vignette.Rmd’ using rmarkdown
    Server error [504] for doi "10.1016/j.mbs.2006.11.006", you may want to try again, or BibTeX unavailable for this doi
    no results with relavency score greater than 'min.relevance' successfully retrieved
    Quitting from lines 17-29 (stpm-vignette.Rmd)
    Error: processing vignette 'stpm-vignette.Rmd' failed with diagnostics:
    argument "bibtype" is missing, with no default
    --- failed re-building ‘stpm-vignette.Rmd’
    
    SUMMARY: processing the following file failed:
     ‘stpm-vignette.Rmd’
    
    Error: Vignette re-building failed.
    Execution halted
Flavor: r-patched-linux-x86_64

Version: 1.7.7
Check: re-building of vignette outputs
Result: WARN
    Error(s) in re-building vignettes:
     ...
    --- re-building ‘stpm-vignette.Rmd’ using rmarkdown
    Server error [504] for doi "10.3389/fpubh.2014.00228", you may want to try again, or BibTeX unavailable for this doi
    no results with relavency score greater than 'min.relevance' successfully retrieved
    Quitting from lines 17-29 (stpm-vignette.Rmd)
    Error: processing vignette 'stpm-vignette.Rmd' failed with diagnostics:
    argument "bibtype" is missing, with no default
    --- failed re-building ‘stpm-vignette.Rmd’
    
    SUMMARY: processing the following file failed:
     ‘stpm-vignette.Rmd’
    
    Error: Vignette re-building failed.
    Execution halted
Flavor: r-release-linux-x86_64