CRAN Package Check Results for Package strand

Last updated on 2021-04-11 06:47:15 CEST.

Flavor Version Tinstall Tcheck Ttotal Status Flags
r-devel-linux-x86_64-debian-clang 0.2.0 18.59 230.76 249.35 OK
r-devel-linux-x86_64-debian-gcc 0.2.0 15.89 173.01 188.90 OK
r-devel-linux-x86_64-fedora-clang 0.2.0 297.58 NOTE
r-devel-linux-x86_64-fedora-gcc 0.2.0 283.43 NOTE
r-devel-windows-ix86+x86_64 0.2.0 29.00 193.00 222.00 OK
r-devel-windows-x86_64-gcc10-UCRT 0.2.0 ERROR
r-patched-linux-x86_64 0.2.0 17.27 222.48 239.75 OK
r-release-linux-x86_64 0.2.0 16.66 223.98 240.64 OK
r-release-macos-x86_64 0.2.0 NOTE
r-release-windows-ix86+x86_64 0.2.0 42.00 274.00 316.00 OK
r-oldrel-macos-x86_64 0.2.0 NOTE
r-oldrel-windows-ix86+x86_64 0.2.0 33.00 195.00 228.00 OK

Check Details

Version: 0.2.0
Check: data for non-ASCII characters
Result: NOTE
     Note: found 1 marked UTF-8 string
Flavors: r-devel-linux-x86_64-fedora-clang, r-devel-linux-x86_64-fedora-gcc, r-release-macos-x86_64, r-oldrel-macos-x86_64

Version: 0.2.0
Check: package dependencies
Result: ERROR
    Package required but not available: 'arrow'
    
    See section 'The DESCRIPTION file' in the 'Writing R Extensions'
    manual.
Flavor: r-devel-windows-x86_64-gcc10-UCRT

Version: 0.2.0
Check: package dependencies
Result: NOTE
    Package suggested but not available for checking: ‘Rsymphony’
Flavors: r-release-macos-x86_64, r-oldrel-macos-x86_64