CRAN Package Check Results for Package stringi

Last updated on 2019-12-05 13:47:00 CET.

Flavor Version Tinstall Tcheck Ttotal Status Flags
r-devel-linux-x86_64-debian-clang 1.4.3 113.25 50.45 163.70 WARN
r-devel-linux-x86_64-debian-gcc 1.4.3 66.03 40.24 106.27 WARN
r-devel-linux-x86_64-fedora-clang 1.4.3 266.97 WARN
r-devel-linux-x86_64-fedora-gcc 1.4.3 193.43 WARN
r-devel-windows-ix86+x86_64 1.4.3 11.00 7.00 18.00 ERROR
r-devel-windows-ix86+x86_64-gcc8 1.4.3 1310.00 159.00 1469.00 WARN
r-patched-linux-x86_64 1.4.3 74.06 47.17 121.23 OK
r-patched-solaris-x86 1.4.3 830.60 NOTE
r-release-linux-x86_64 1.4.3 74.39 48.49 122.88 OK
r-release-windows-ix86+x86_64 1.4.3 1183.00 152.00 1335.00 NOTE
r-release-osx-x86_64 1.4.3 NOTE
r-oldrel-windows-ix86+x86_64 1.4.3 1184.00 136.00 1320.00 NOTE
r-oldrel-osx-x86_64 1.4.3 NOTE

Additional issues

clang-UBSAN gcc-UBSAN rchk

Check Details

Version: 1.4.3
Check: whether package can be installed
Result: WARN
    Found the following significant warnings:
     'config' variable 'CXXCPP' is deprecated
Flavors: r-devel-linux-x86_64-debian-clang, r-devel-linux-x86_64-debian-gcc, r-devel-linux-x86_64-fedora-clang, r-devel-linux-x86_64-fedora-gcc

Version: 1.4.3
Check: installed package size
Result: NOTE
     installed size is 5.5Mb
     sub-directories of 1Mb or more:
     libs 4.8Mb
Flavors: r-devel-linux-x86_64-fedora-clang, r-devel-windows-ix86+x86_64-gcc8, r-patched-solaris-x86, r-release-windows-ix86+x86_64, r-release-osx-x86_64, r-oldrel-windows-ix86+x86_64, r-oldrel-osx-x86_64

Version: 1.4.3
Check: whether package can be installed
Result: ERROR
    Installation failed.
Flavor: r-devel-windows-ix86+x86_64

Version: 1.4.3
Check: whether package can be installed
Result: WARN
    Found the following significant warnings:
     icu61/common/cstring.h:43:70: warning: 'char* strncpy(char*, const char*, size_t)' output truncated before terminating nul copying as many bytes from a string as its length [-Wstringop-truncation]
Flavor: r-devel-windows-ix86+x86_64-gcc8