CRAN Package Check Results for Package stylo

Last updated on 2019-09-22 13:46:24 CEST.

Flavor Version Tinstall Tcheck Ttotal Status Flags
r-devel-linux-x86_64-debian-clang 0.6.9 23.26 107.34 130.60 NOTE
r-devel-linux-x86_64-debian-gcc 0.6.9 17.61 83.68 101.29 NOTE
r-devel-linux-x86_64-fedora-clang 0.6.9 167.49 NOTE
r-devel-linux-x86_64-fedora-gcc 0.6.9 162.16 NOTE
r-devel-windows-ix86+x86_64 0.6.9 38.00 105.00 143.00 OK
r-patched-linux-x86_64 0.6.9 23.15 107.33 130.48 OK
r-patched-solaris-x86 0.6.9 232.40 OK
r-release-linux-x86_64 0.6.9 24.17 108.09 132.26 OK
r-release-windows-ix86+x86_64 0.6.9 26.00 112.00 138.00 OK
r-release-osx-x86_64 0.6.9 FAIL
r-oldrel-windows-ix86+x86_64 0.6.9 24.00 93.00 117.00 OK
r-oldrel-osx-x86_64 0.6.9 OK

Check Details

Version: 0.6.9
Check: for non-standard things in the check directory
Result: NOTE
    Found the following files/directories:
     'stylo.Rcheck_CA_100_MFWs_Culled_0__Classic Delta_EDGES.csv'
     'stylo_config.txt'
Flavors: r-devel-linux-x86_64-debian-clang, r-devel-linux-x86_64-debian-gcc, r-devel-linux-x86_64-fedora-clang, r-devel-linux-x86_64-fedora-gcc

Version: 0.6.9
Check: whether package can be installed
Result: FAIL
    
Flavor: r-release-osx-x86_64