CRAN Package Check Results for Package surveillance

Last updated on 2019-09-22 13:46:24 CEST.

Flavor Version Tinstall Tcheck Ttotal Status Flags
r-devel-linux-x86_64-debian-clang 1.17.1 67.32 494.36 561.68 NOTE
r-devel-linux-x86_64-debian-gcc 1.17.1 52.42 375.86 428.28 NOTE
r-devel-linux-x86_64-fedora-clang 1.17.1 717.50 NOTE
r-devel-linux-x86_64-fedora-gcc 1.17.1 427.77 OK
r-devel-windows-ix86+x86_64 1.17.1 101.00 422.00 523.00 NOTE --no-vignettes
r-patched-linux-x86_64 1.17.1 61.35 479.07 540.42 NOTE
r-patched-solaris-x86 1.17.1 816.40 NOTE
r-release-linux-x86_64 1.17.1 59.17 483.16 542.33 NOTE
r-release-windows-ix86+x86_64 1.17.1 96.00 460.00 556.00 NOTE --no-vignettes
r-release-osx-x86_64 1.17.1 NOTE
r-oldrel-windows-ix86+x86_64 1.17.1 98.00 374.00 472.00 NOTE --no-vignettes
r-oldrel-osx-x86_64 1.17.1 NOTE

Check Details

Version: 1.17.1
Check: package dependencies
Result: NOTE
    Package suggested but not available for checking: 'INLA'
Flavors: r-devel-linux-x86_64-debian-clang, r-devel-linux-x86_64-debian-gcc, r-patched-linux-x86_64, r-patched-solaris-x86, r-release-linux-x86_64, r-release-osx-x86_64, r-oldrel-osx-x86_64

Version: 1.17.1
Check: installed package size
Result: NOTE
     installed size is 8.3Mb
     sub-directories of 1Mb or more:
     R 1.8Mb
     doc 2.3Mb
     libs 1.7Mb
Flavors: r-devel-linux-x86_64-fedora-clang, r-patched-solaris-x86, r-release-osx-x86_64, r-oldrel-osx-x86_64

Version: 1.17.1
Flags: --no-vignettes
Check: installed package size
Result: NOTE
     installed size is 8.3Mb
     sub-directories of 1Mb or more:
     R 1.8Mb
     doc 2.3Mb
     help 1.0Mb
     libs 1.7Mb
Flavors: r-devel-windows-ix86+x86_64, r-release-windows-ix86+x86_64, r-oldrel-windows-ix86+x86_64

Version: 1.17.1
Flags: --no-vignettes
Check: dependencies in R code
Result: NOTE
    Missing or unexported object: 'grDevices::hcl.colors'
Flavor: r-oldrel-windows-ix86+x86_64

Version: 1.17.1
Check: dependencies in R code
Result: NOTE
    Missing or unexported object: ‘grDevices::hcl.colors’
Flavor: r-oldrel-osx-x86_64