CRAN Package Check Results for Package tab

Last updated on 2019-11-14 08:46:32 CET.

Flavor Version Tinstall Tcheck Ttotal Status Flags
r-devel-linux-x86_64-debian-clang 4.1.1 13.36 95.76 109.12 OK
r-devel-linux-x86_64-debian-gcc 4.1.1 10.77 71.95 82.72 OK
r-devel-linux-x86_64-fedora-clang 4.1.1 132.45 NOTE
r-devel-linux-x86_64-fedora-gcc 4.1.1 129.66 NOTE
r-devel-windows-ix86+x86_64 4.1.1 36.00 137.00 173.00 OK
r-patched-linux-x86_64 4.1.1 11.62 89.89 101.51 OK
r-patched-solaris-x86 4.1.1 181.10 NOTE
r-release-linux-x86_64 4.1.1 11.95 91.00 102.95 OK
r-release-windows-ix86+x86_64 4.1.1 20.00 136.00 156.00 OK
r-release-osx-x86_64 4.1.1 NOTE
r-oldrel-windows-ix86+x86_64 4.1.1 12.00 151.00 163.00 OK
r-oldrel-osx-x86_64 4.1.1 NOTE

Check Details

Version: 4.1.1
Check: dependencies in R code
Result: NOTE
    Namespaces in Imports field not imported from:
     ‘gee’ ‘survival’
     All declared Imports should be used.
Flavors: r-devel-linux-x86_64-fedora-clang, r-devel-linux-x86_64-fedora-gcc, r-patched-solaris-x86, r-release-osx-x86_64, r-oldrel-osx-x86_64