CRAN Package Check Results for Package tab

Last updated on 2020-10-01 13:49:26 CEST.

Flavor Version Tinstall Tcheck Ttotal Status Flags
r-devel-linux-x86_64-debian-clang 4.1.1 15.92 111.33 127.25 OK
r-devel-linux-x86_64-debian-gcc 4.1.1 12.03 83.72 95.75 OK
r-devel-linux-x86_64-fedora-clang 4.1.1 161.71 NOTE
r-devel-linux-x86_64-fedora-gcc 4.1.1 151.90 NOTE
r-devel-windows-ix86+x86_64 4.1.1 26.00 94.00 120.00 OK
r-patched-linux-x86_64 4.1.1 14.14 100.16 114.30 OK
r-patched-solaris-x86 4.1.1 194.70 NOTE
r-release-linux-x86_64 4.1.1 12.72 100.09 112.81 OK
r-release-macos-x86_64 4.1.1 NOTE
r-release-windows-ix86+x86_64 4.1.1 29.00 129.00 158.00 OK
r-oldrel-macos-x86_64 4.1.1 NOTE
r-oldrel-windows-ix86+x86_64 4.1.1 25.00 119.00 144.00 OK

Check Details

Version: 4.1.1
Check: dependencies in R code
Result: NOTE
    Namespaces in Imports field not imported from:
     ‘gee’ ‘survival’
     All declared Imports should be used.
Flavors: r-devel-linux-x86_64-fedora-clang, r-devel-linux-x86_64-fedora-gcc, r-patched-solaris-x86, r-release-macos-x86_64, r-oldrel-macos-x86_64