CRAN Package Check Results for Package takos

Last updated on 2019-12-07 13:47:35 CET.

Flavor Version Tinstall Tcheck Ttotal Status Flags
r-devel-linux-x86_64-debian-clang 0.1.0 6.49 58.42 64.91 OK
r-devel-linux-x86_64-debian-gcc 0.1.0 6.46 43.55 50.01 OK
r-devel-linux-x86_64-fedora-clang 0.1.0 77.51 NOTE
r-devel-linux-x86_64-fedora-gcc 0.1.0 72.22 NOTE
r-devel-windows-ix86+x86_64 0.1.0 15.00 96.00 111.00 OK
r-devel-windows-ix86+x86_64-gcc8 0.1.0 26.00 75.00 101.00 OK
r-patched-linux-x86_64 0.1.0 6.19 52.61 58.80 OK
r-patched-solaris-x86 0.1.0 111.20 NOTE
r-release-linux-x86_64 0.1.0 6.35 51.61 57.96 OK
r-release-windows-ix86+x86_64 0.1.0 13.00 85.00 98.00 OK
r-release-osx-x86_64 0.1.0 NOTE
r-oldrel-windows-ix86+x86_64 0.1.0 10.00 99.00 109.00 OK
r-oldrel-osx-x86_64 0.1.0 NOTE

Check Details

Version: 0.1.0
Check: dependencies in R code
Result: NOTE
    Namespaces in Imports field not imported from:
     ‘MASS’ ‘devEMF’ ‘segmented’ ‘smoother’ ‘tools’
     All declared Imports should be used.
Flavors: r-devel-linux-x86_64-fedora-clang, r-devel-linux-x86_64-fedora-gcc, r-patched-solaris-x86, r-release-osx-x86_64, r-oldrel-osx-x86_64