CRAN Package Check Results for Package tcgsaseq

Last updated on 2020-01-29 13:48:07 CET.

Flavor Version Tinstall Tcheck Ttotal Status Flags
r-devel-linux-x86_64-debian-clang 1.8.1 6.55 66.79 73.34 OK
r-devel-linux-x86_64-debian-gcc 1.8.1 5.72 51.38 57.10 OK
r-devel-linux-x86_64-fedora-clang 1.8.1 90.38 OK
r-devel-linux-x86_64-fedora-gcc 1.8.1 88.89 OK
r-devel-windows-ix86+x86_64 1.8.1 15.00 106.00 121.00 OK
r-devel-windows-ix86+x86_64-gcc8 1.8.1 27.00 83.00 110.00 OK
r-patched-linux-x86_64 1.8.1 OK
r-patched-solaris-x86 1.8.1 119.60 OK
r-release-linux-x86_64 1.8.1 5.98 60.25 66.23 OK
r-release-windows-ix86+x86_64 1.8.1 13.00 72.00 85.00 OK
r-release-osx-x86_64 1.8.1 NOTE
r-oldrel-windows-ix86+x86_64 1.8.1 15.00 75.00 90.00 OK
r-oldrel-osx-x86_64 1.8.1 OK

Check Details

Version: 1.8.1
Check: package dependencies
Result: NOTE
    Packages suggested but not available for checking:
     'limma', 'edgeR', 'DESeq2', 'S4Vectors'
Flavor: r-release-osx-x86_64

Version: 1.8.1
Check: Rd cross-references
Result: NOTE
    Package unavailable to check Rd xrefs: ‘limma’
Flavor: r-release-osx-x86_64