CRAN Package Check Results for Package tcgsaseq

Last updated on 2019-08-25 13:47:22 CEST.

Flavor Version Tinstall Tcheck Ttotal Status Flags
r-devel-linux-x86_64-debian-clang 1.8.1 6.11 61.37 67.48 OK
r-devel-linux-x86_64-debian-gcc 1.8.1 5.11 47.82 52.93 OK
r-devel-linux-x86_64-fedora-clang 1.8.1 82.30 OK
r-devel-linux-x86_64-fedora-gcc 1.8.1 78.28 OK
r-devel-windows-ix86+x86_64 1.8.1 18.00 78.00 96.00 OK
r-patched-linux-x86_64 1.8.1 5.66 59.80 65.46 OK
r-patched-solaris-x86 1.8.1 116.30 OK
r-release-linux-x86_64 1.8.1 5.28 59.24 64.52 OK
r-release-windows-ix86+x86_64 1.8.1 22.00 124.00 146.00 OK
r-release-osx-x86_64 1.8.1 NOTE
r-oldrel-windows-ix86+x86_64 1.8.1 14.00 128.00 142.00 OK
r-oldrel-osx-x86_64 1.8.1 OK

Check Details

Version: 1.8.1
Check: package dependencies
Result: NOTE
    Packages suggested but not available for checking:
     'limma', 'edgeR', 'DESeq2', 'S4Vectors'
Flavor: r-release-osx-x86_64

Version: 1.8.1
Check: Rd cross-references
Result: NOTE
    Package unavailable to check Rd xrefs: ‘limma’
Flavor: r-release-osx-x86_64