Last updated on 2021-02-27 07:54:02 CET.
Flavor | Version | Tinstall | Tcheck | Ttotal | Status | Flags |
---|---|---|---|---|---|---|
r-devel-linux-x86_64-debian-clang | 0.12 | 2.03 | 22.57 | 24.60 | OK | |
r-devel-linux-x86_64-debian-gcc | 0.12 | 1.52 | 18.06 | 19.58 | OK | |
r-devel-linux-x86_64-fedora-clang | 0.12 | 41.59 | OK | |||
r-devel-linux-x86_64-fedora-gcc | 0.12 | 29.87 | OK | |||
r-devel-windows-ix86+x86_64 | 0.12 | 4.00 | 31.00 | 35.00 | OK | |
r-patched-linux-x86_64 | 0.12 | 1.71 | 21.95 | 23.66 | OK | |
r-patched-solaris-x86 | 0.12 | 44.50 | OK | |||
r-release-linux-x86_64 | 0.12 | 1.93 | 22.10 | 24.03 | OK | |
r-release-macos-x86_64 | 0.12 | OK | ||||
r-release-windows-ix86+x86_64 | 0.12 | 5.00 | 15.00 | 20.00 | ERROR | |
r-oldrel-macos-x86_64 | 0.12 | OK | ||||
r-oldrel-windows-ix86+x86_64 | 0.12 | 4.00 | 35.00 | 39.00 | OK |
Version: 0.12
Check: whether package can be installed
Result: ERROR
Installation failed.
See for details.
*
Flavor: r-release-windows-ix86+x86_64