CRAN Package Check Results for Package text2vec

Last updated on 2020-02-23 07:49:38 CET.

Flavor Version Tinstall Tcheck Ttotal Status Flags
r-devel-linux-x86_64-debian-clang 0.6 61.67 287.32 348.99 OK
r-devel-linux-x86_64-debian-gcc 0.6 48.96 227.06 276.02 OK
r-devel-linux-x86_64-fedora-clang 0.6 430.11 NOTE
r-devel-linux-x86_64-fedora-gcc 0.6 245.61 OK
r-devel-windows-ix86+x86_64 0.5.1 199.00 264.00 463.00 ERROR
r-devel-windows-ix86+x86_64-gcc8 0.6 136.00 602.00 738.00 NOTE
r-patched-linux-x86_64 0.6 OK
r-patched-solaris-x86 0.6 819.60 NOTE
r-release-linux-x86_64 0.6 54.03 265.06 319.09 OK
r-release-windows-ix86+x86_64 0.6 106.00 417.00 523.00 NOTE
r-release-osx-x86_64 0.6 NOTE
r-oldrel-windows-ix86+x86_64 0.5.1 188.00 241.00 429.00 NOTE
r-oldrel-osx-x86_64 0.6 ERROR

Check Details

Version: 0.6
Check: installed package size
Result: NOTE
     installed size is 10.6Mb
     sub-directories of 1Mb or more:
     data 2.7Mb
     doc 2.9Mb
     libs 4.4Mb
Flavors: r-devel-linux-x86_64-fedora-clang, r-devel-windows-ix86+x86_64-gcc8, r-patched-solaris-x86, r-release-windows-ix86+x86_64, r-release-osx-x86_64

Version: 0.5.1
Check: installed package size
Result: NOTE
     installed size is 9.0Mb
     sub-directories of 1Mb or more:
     data 2.6Mb
     doc 3.6Mb
     libs 2.1Mb
Flavors: r-devel-windows-ix86+x86_64, r-oldrel-windows-ix86+x86_64

Version: 0.5.1
Check: for GNU extensions in Makefiles
Result: NOTE
    GNU make is a SystemRequirements.
Flavors: r-devel-windows-ix86+x86_64, r-oldrel-windows-ix86+x86_64

Version: 0.5.1
Check: running examples for arch ‘i386’
Result: ERROR
    Running examples in 'text2vec-Ex.R' failed
    The error most likely occurred in:
    
    > ### Name: itoken
    > ### Title: Iterators (and parallel iterators) over input objects
    > ### Aliases: itoken itoken.list itoken.character itoken.iterator
    > ### itoken_parallel itoken_parallel.character
    > ### itoken_parallel.ifiles_parallel itoken_parallel.list
    >
    > ### ** Examples
    >
    > data("movie_review")
    > txt = movie_review$review[1:100]
    > ids = movie_review$id[1:100]
    > it = itoken(txt, tolower, word_tokenizer, n_chunks = 10)
    > it = itoken(txt, tolower, word_tokenizer, n_chunks = 10, ids = ids)
    > # Example of stemming tokenizer
    > # stem_tokenizer =function(x) {
    > # lapply(word_tokenizer(x), SnowballC::wordStem, language="en")
    > # }
    > #------------------------------------------------
    > # PARALLEL iterators
    > #------------------------------------------------
    > library(text2vec)
    >
    > N_WORKERS = 1 # change 1 to number of cores in parallel backend
    > if(require(doParallel)) registerDoParallel(N_WORKERS)
    Loading required package: doParallel
    Loading required package: foreach
    Loading required package: iterators
    Loading required package: parallel
    > data("movie_review")
    > it = itoken_parallel(movie_review$review[1:100], n_chunks = N_WORKERS)
    > system.time(dtm <- create_dtm(it, hash_vectorizer(2**16), type = 'dgTMatrix'))
     user system elapsed
     0.00 0.00 2.78
    >
    >
    >
    > cleanEx()
    
    detaching 'package:doParallel', 'package:parallel',
     'package:iterators', 'package:foreach'
    
    Error: connections left open:
     <-CRANwin.fb05.statistik.uni-dortmund.de:11782 (sockconn)
    Execution halted
Flavor: r-devel-windows-ix86+x86_64

Version: 0.5.1
Check: running examples for arch ‘x64’
Result: ERROR
    Running examples in 'text2vec-Ex.R' failed
    The error most likely occurred in:
    
    > ### Name: itoken
    > ### Title: Iterators (and parallel iterators) over input objects
    > ### Aliases: itoken itoken.list itoken.character itoken.iterator
    > ### itoken_parallel itoken_parallel.character
    > ### itoken_parallel.ifiles_parallel itoken_parallel.list
    >
    > ### ** Examples
    >
    > data("movie_review")
    > txt = movie_review$review[1:100]
    > ids = movie_review$id[1:100]
    > it = itoken(txt, tolower, word_tokenizer, n_chunks = 10)
    > it = itoken(txt, tolower, word_tokenizer, n_chunks = 10, ids = ids)
    > # Example of stemming tokenizer
    > # stem_tokenizer =function(x) {
    > # lapply(word_tokenizer(x), SnowballC::wordStem, language="en")
    > # }
    > #------------------------------------------------
    > # PARALLEL iterators
    > #------------------------------------------------
    > library(text2vec)
    >
    > N_WORKERS = 1 # change 1 to number of cores in parallel backend
    > if(require(doParallel)) registerDoParallel(N_WORKERS)
    Loading required package: doParallel
    Loading required package: foreach
    Loading required package: iterators
    Loading required package: parallel
    > data("movie_review")
    > it = itoken_parallel(movie_review$review[1:100], n_chunks = N_WORKERS)
    > system.time(dtm <- create_dtm(it, hash_vectorizer(2**16), type = 'dgTMatrix'))
     user system elapsed
     0.00 0.00 2.62
    >
    >
    >
    > cleanEx()
    
    detaching 'package:doParallel', 'package:parallel',
     'package:iterators', 'package:foreach'
    
    Error: connections left open:
     <-CRANwin.fb05.statistik.uni-dortmund.de:11832 (sockconn)
    Execution halted
Flavor: r-devel-windows-ix86+x86_64

Version: 0.6
Check: package dependencies
Result: ERROR
    Package required and available but unsuitable version: ‘rsparse’
    
    See section ‘The DESCRIPTION file’ in the ‘Writing R Extensions’
    manual.
Flavor: r-oldrel-osx-x86_64