CRAN Package Check Results for Package textreadr

Last updated on 2019-09-22 13:46:25 CEST.

Flavor Version Tinstall Tcheck Ttotal Status Flags
r-devel-linux-x86_64-debian-clang 0.9.0 3.12 31.47 34.59 OK
r-devel-linux-x86_64-debian-gcc 0.9.0 2.82 23.95 26.77 OK
r-devel-linux-x86_64-fedora-clang 0.9.0 42.57 OK
r-devel-linux-x86_64-fedora-gcc 0.9.0 39.57 OK
r-devel-windows-ix86+x86_64 0.9.0 18.00 44.00 62.00 OK
r-patched-linux-x86_64 0.9.0 3.12 29.28 32.40 OK
r-patched-solaris-x86 0.9.0 62.30 NOTE
r-release-linux-x86_64 0.9.0 3.34 29.01 32.35 OK
r-release-windows-ix86+x86_64 0.9.0 8.00 43.00 51.00 OK
r-release-osx-x86_64 0.9.0 OK
r-oldrel-windows-ix86+x86_64 0.9.0 6.00 43.00 49.00 OK
r-oldrel-osx-x86_64 0.9.0 OK

Check Details

Version: 0.9.0
Check: package dependencies
Result: NOTE
    Package suggested but not available for checking: ‘tesseract’
Flavor: r-patched-solaris-x86

Version: 0.9.0
Check: Rd cross-references
Result: NOTE
    Package unavailable to check Rd xrefs: ‘tesseract’
Flavor: r-patched-solaris-x86