CRAN Package Check Results for Package themetagenomics

Last updated on 2020-10-01 13:49:26 CEST.

Flavor Version Tinstall Tcheck Ttotal Status Flags
r-devel-linux-x86_64-debian-clang 1.0.2 39.63 366.72 406.35 OK
r-devel-linux-x86_64-debian-gcc 1.0.2 31.27 271.26 302.53 OK
r-devel-linux-x86_64-fedora-clang 1.0.2 606.09 NOTE
r-devel-linux-x86_64-fedora-gcc 1.0.2 495.09 OK
r-devel-windows-ix86+x86_64 1.0.2 96.00 446.00 542.00 NOTE
r-patched-linux-x86_64 1.0.2 37.59 344.50 382.09 OK
r-patched-solaris-x86 1.0.2 657.60 OK
r-release-linux-x86_64 1.0.2 34.80 345.42 380.22 OK
r-release-macos-x86_64 1.0.2 OK
r-release-windows-ix86+x86_64 1.0.2 97.00 568.00 665.00 NOTE
r-oldrel-macos-x86_64 1.0.2 OK
r-oldrel-windows-ix86+x86_64 1.0.2 88.00 566.00 654.00 OK

Check Details

Version: 1.0.2
Check: Rd cross-references
Result: NOTE
    Undeclared package ‘glmnet’ in Rd xrefs
Flavor: r-devel-linux-x86_64-fedora-clang

Version: 1.0.2
Check: installed package size
Result: NOTE
     installed size is 5.0Mb
     sub-directories of 1Mb or more:
     doc 1.0Mb
     libs 2.2Mb
     references 1.1Mb
Flavors: r-devel-windows-ix86+x86_64, r-release-windows-ix86+x86_64