Last updated on 2021-01-15 07:51:01 CET.
Flavor | Version | Tinstall | Tcheck | Ttotal | Status | Flags |
---|---|---|---|---|---|---|
r-devel-linux-x86_64-debian-clang | 0.15 | 10.33 | 86.15 | 96.48 | OK | |
r-devel-linux-x86_64-debian-gcc | 0.15 | 7.87 | 63.47 | 71.34 | OK | |
r-devel-linux-x86_64-fedora-clang | 0.15 | 128.56 | NOTE | |||
r-devel-linux-x86_64-fedora-gcc | 0.15 | 119.25 | NOTE | |||
r-devel-windows-ix86+x86_64 | 0.15 | 27.00 | 86.00 | 113.00 | OK | |
r-patched-linux-x86_64 | 0.15 | 11.08 | 79.95 | 91.03 | OK | |
r-patched-solaris-x86 | 0.15 | 164.00 | NOTE | |||
r-release-linux-x86_64 | 0.15 | 10.43 | 80.19 | 90.62 | OK | |
r-release-macos-x86_64 | 0.15 | NOTE | ||||
r-release-windows-ix86+x86_64 | 0.15 | 20.00 | 83.00 | 103.00 | OK | |
r-oldrel-macos-x86_64 | 0.15 | NOTE | ||||
r-oldrel-windows-ix86+x86_64 | 0.15 | 13.00 | 75.00 | 88.00 | OK |
Version: 0.15
Check: dependencies in R code
Result: NOTE
Namespaces in Imports field not imported from:
‘crayon’ ‘purrr’ ‘readr’
All declared Imports should be used.
Flavors: r-devel-linux-x86_64-fedora-clang, r-devel-linux-x86_64-fedora-gcc, r-patched-solaris-x86, r-release-macos-x86_64, r-oldrel-macos-x86_64