CRAN Package Check Results for Package tidybayes

Last updated on 2019-09-24 10:51:35 CEST.

Flavor Version Tinstall Tcheck Ttotal Status Flags
r-devel-linux-x86_64-debian-clang 1.1.0 9.71 186.83 196.54 OK
r-devel-linux-x86_64-debian-gcc 1.1.0 7.51 140.76 148.27 OK
r-devel-linux-x86_64-fedora-clang 1.1.0 233.19 OK
r-devel-linux-x86_64-fedora-gcc 1.1.0 223.19 OK
r-devel-windows-ix86+x86_64 1.1.0 38.00 199.00 237.00 OK
r-patched-linux-x86_64 1.1.0 8.90 177.20 186.10 OK
r-patched-solaris-x86 1.1.0 310.10 NOTE
r-release-linux-x86_64 1.1.0 9.23 179.69 188.92 OK
r-release-windows-ix86+x86_64 1.1.0 24.00 294.00 318.00 OK
r-release-osx-x86_64 1.1.0 OK
r-oldrel-windows-ix86+x86_64 1.1.0 14.00 204.00 218.00 OK
r-oldrel-osx-x86_64 1.1.0 OK

Check Details

Version: 1.1.0
Check: package dependencies
Result: NOTE
    Package suggested but not available for checking: ‘gifski’
Flavor: r-patched-solaris-x86