CRAN Package Check Results for Package tidybayes

Last updated on 2020-07-12 13:47:15 CEST.

Flavor Version Tinstall Tcheck Ttotal Status Flags
r-devel-linux-x86_64-debian-clang 2.1.1 8.64 183.00 191.64 OK
r-devel-linux-x86_64-debian-gcc 2.1.1 7.56 138.40 145.96 OK
r-devel-linux-x86_64-fedora-clang 2.1.1 247.77 NOTE
r-devel-linux-x86_64-fedora-gcc 2.1.1 231.74 NOTE
r-devel-windows-ix86+x86_64 2.1.1 17.00 216.00 233.00 OK
r-patched-linux-x86_64 2.1.1 7.56 177.18 184.74 OK
r-patched-solaris-x86 2.1.1 270.90 NOTE
r-release-linux-x86_64 2.1.1 8.01 161.74 169.75 NOTE
r-release-macos-x86_64 2.1.1 NOTE
r-release-windows-ix86+x86_64 2.1.1 31.00 284.00 315.00 OK
r-oldrel-macos-x86_64 2.1.1 NOTE
r-oldrel-windows-ix86+x86_64 2.1.1 21.00 207.00 228.00 OK

Check Details

Version: 2.1.1
Check: dependencies in R code
Result: NOTE
    Namespaces in Imports field not imported from:
     ‘HDInterval’ ‘grid’ ‘scales’
     All declared Imports should be used.
Flavors: r-devel-linux-x86_64-fedora-clang, r-devel-linux-x86_64-fedora-gcc, r-patched-solaris-x86, r-release-macos-x86_64, r-oldrel-macos-x86_64

Version: 2.1.1
Check: package dependencies
Result: NOTE
    Package suggested but not available for checking: ‘gifski’
Flavor: r-patched-solaris-x86

Version: 2.1.1
Check: installed package size
Result: NOTE
     installed size is 5.0Mb
     sub-directories of 1Mb or more:
     doc 4.3Mb
Flavor: r-patched-solaris-x86

Version: 2.1.1
Check: package dependencies
Result: NOTE
    Package suggested but not available for checking: ‘rstanarm’
Flavor: r-release-linux-x86_64