CRAN Package Check Results for Package tidycells

Last updated on 2019-11-14 07:50:12 CET.

Flavor Version Tinstall Tcheck Ttotal Status Flags
r-devel-linux-x86_64-debian-clang 0.2.1 10.88 258.74 269.62 OK
r-devel-linux-x86_64-debian-gcc 0.2.1 9.07 188.80 197.87 ERROR
r-devel-linux-x86_64-fedora-clang 0.2.1 309.96 OK
r-devel-linux-x86_64-fedora-gcc 0.2.1 242.51 OK
r-devel-windows-ix86+x86_64 0.2.1 28.00 230.00 258.00 OK
r-patched-linux-x86_64 0.2.1 8.97 244.97 253.94 OK
r-patched-solaris-x86 0.2.1 336.40 OK
r-release-linux-x86_64 0.2.1 8.03 249.83 257.86 OK
r-release-windows-ix86+x86_64 0.2.1 14.00 322.00 336.00 OK
r-release-osx-x86_64 0.2.1 OK
r-oldrel-windows-ix86+x86_64 0.2.1 13.00 358.00 371.00 OK
r-oldrel-osx-x86_64 0.2.1 OK

Check Details

Version: 0.2.1
Check: tests
Result: ERROR
     Running ‘testthat.R’ [111s/150s]
    Running the tests in ‘tests/testthat.R’ failed.
    Complete output:
     > library(testthat)
     > library(tidycells)
     >
     >
     > test_results <- test_check("tidycells")
     Error in .jcall("java/lang/Class", "Ljava/lang/Class;", "forName", cl, :
     RcallMethod: cannot determine object class
     Error in .jcall("java/lang/Class", "Ljava/lang/Class;", "forName", cl, :
     RcallMethod: cannot determine object class
     Error in .jcall("java/lang/Class", "Ljava/lang/Class;", "forName", cl, :
     RcallMethod: cannot determine object class
     Error in .jcall("java/lang/Class", "Ljava/lang/Class;", "forName", cl, :
     RcallMethod: cannot determine object class
     ── 1. Error: read_cells: external packages works (except pdf) (@test-read_cells.
     argument is of length zero
     Backtrace:
     1. dm$fn
     9. purrr::map(., ~read_cells(.x, 1, simplify = FALSE))
     10. tidycells:::.f(.x[[i]], ...)
     12. tidycells:::read_cells.character(.x, 1, simplify = FALSE)
     13. tidycells:::read_cells.read_cell_part(...)
    
     Error in .jcall("java/lang/Class", "Ljava/lang/Class;", "forName", cl, :
     RcallMethod: cannot determine object class
     Error in .jcall("java/lang/Class", "Ljava/lang/Class;", "forName", cl, :
     RcallMethod: cannot determine object class
     Error in .jcall("java/lang/Class", "Ljava/lang/Class;", "forName", cl, :
     RcallMethod: cannot determine object class
     Error in .jcall("java/lang/Class", "Ljava/lang/Class;", "forName", cl, :
     RcallMethod: cannot determine object class
     ── 2. Error: read_cells: external packages works (for pdf) (@test-read_cells.R#2
     no applicable method for 'select_' applied to an object of class "NULL"
     Backtrace:
     1. purrr::map(...)
     9. tidycells:::.f(.x[[i]], ...)
     10. dplyr::select(., value, collated_1, collated_2, collated_3)
     11. dplyr::select_(.data, .dots = compat_as_lazy_dots(...))
     19. purrr::map(...)
     20. tidycells:::.f(.x[[i]], ...)
    
     ══ testthat results ═══════════════════════════════════════════════════════════
     [ OK: 177 | SKIPPED: 2 | WARNINGS: 0 | FAILED: 2 ]
     1. Error: read_cells: external packages works (except pdf) (@test-read_cells.R#147)
     2. Error: read_cells: external packages works (for pdf) (@test-read_cells.R#201)
    
     Error: testthat unit tests failed
     Execution halted
Flavor: r-devel-linux-x86_64-debian-gcc