CRAN Package Check Results for Package tidymodels

Last updated on 2019-08-18 13:46:24 CEST.

Flavor Version Tinstall Tcheck Ttotal Status Flags
r-devel-linux-x86_64-debian-clang 0.0.2 18.52 161.93 180.45 OK
r-devel-linux-x86_64-debian-gcc 0.0.2 10.53 126.13 136.66 OK
r-devel-linux-x86_64-fedora-clang 0.0.2 212.75 NOTE
r-devel-linux-x86_64-fedora-gcc 0.0.2 208.38 NOTE
r-devel-windows-ix86+x86_64 0.0.2 69.00 201.00 270.00 OK
r-patched-linux-x86_64 0.0.2 12.03 160.72 172.75 OK
r-patched-solaris-x86 0.0.2 337.70 NOTE
r-release-linux-x86_64 0.0.2 14.91 160.91 175.82 OK
r-release-windows-ix86+x86_64 0.0.2 61.00 173.00 234.00 OK
r-release-osx-x86_64 0.0.2 NOTE
r-oldrel-windows-ix86+x86_64 0.0.2 49.00 277.00 326.00 OK
r-oldrel-osx-x86_64 0.0.2 NOTE

Check Details

Version: 0.0.2
Check: dependencies in R code
Result: NOTE
    Namespaces in Imports field not imported from:
     ‘broom’ ‘dials’ ‘parsnip’
     All declared Imports should be used.
Flavors: r-devel-linux-x86_64-fedora-clang, r-devel-linux-x86_64-fedora-gcc, r-patched-solaris-x86, r-release-osx-x86_64, r-oldrel-osx-x86_64