CRAN Package Check Results for Package tidyselect

Last updated on 2021-04-11 06:47:16 CEST.

Flavor Version Tinstall Tcheck Ttotal Status Flags
r-devel-linux-x86_64-debian-clang 1.1.0 4.66 49.10 53.76 NOTE
r-devel-linux-x86_64-debian-gcc 1.1.0 3.29 37.79 41.08 NOTE
r-devel-linux-x86_64-fedora-clang 1.1.0 71.36 NOTE
r-devel-linux-x86_64-fedora-gcc 1.1.0 59.72 NOTE
r-devel-windows-ix86+x86_64 1.1.0 7.00 52.00 59.00 NOTE
r-devel-windows-x86_64-gcc10-UCRT 1.1.0 NOTE
r-patched-linux-x86_64 1.1.0 4.67 47.80 52.47 OK
r-patched-solaris-x86 1.1.0 92.60 OK
r-release-linux-x86_64 1.1.0 4.30 47.91 52.21 OK
r-release-macos-x86_64 1.1.0 OK
r-release-windows-ix86+x86_64 1.1.0 7.00 72.00 79.00 OK
r-oldrel-macos-x86_64 1.1.0 OK
r-oldrel-windows-ix86+x86_64 1.1.0 6.00 48.00 54.00 OK

Check Details

Version: 1.1.0
Check: LazyData
Result: NOTE
     'LazyData' is specified without a 'data' directory
Flavors: r-devel-linux-x86_64-debian-clang, r-devel-linux-x86_64-debian-gcc, r-devel-linux-x86_64-fedora-clang, r-devel-linux-x86_64-fedora-gcc, r-devel-windows-ix86+x86_64, r-devel-windows-x86_64-gcc10-UCRT