CRAN Package Check Results for Package tmvtnorm

Last updated on 2020-01-19 13:47:43 CET.

Flavor Version Tinstall Tcheck Ttotal Status Flags
r-devel-linux-x86_64-debian-clang 1.4-10 9.88 96.03 105.91 OK
r-devel-linux-x86_64-debian-gcc 1.4-10 9.39 72.63 82.02 OK
r-devel-linux-x86_64-fedora-clang 1.4-10 127.75 NOTE
r-devel-linux-x86_64-fedora-gcc 1.4-10 123.36 NOTE
r-devel-windows-ix86+x86_64 1.4-10 29.00 160.00 189.00 OK
r-devel-windows-ix86+x86_64-gcc8 1.4-10 26.00 199.00 225.00 OK
r-patched-linux-x86_64 1.4-10 9.72 83.39 93.11 OK
r-patched-solaris-x86 1.4-10 162.90 OK
r-release-linux-x86_64 1.4-10 8.90 83.67 92.57 OK
r-release-windows-ix86+x86_64 1.4-10 28.00 138.00 166.00 OK
r-release-osx-x86_64 1.4-10 OK
r-oldrel-windows-ix86+x86_64 1.4-10 24.00 134.00 158.00 OK
r-oldrel-osx-x86_64 1.4-10 OK

Check Details

Version: 1.4-10
Check: compiled code
Result: NOTE
    File ‘tmvtnorm/libs/tmvtnorm.so’:
     Found no calls to: ‘R_registerRoutines’, ‘R_useDynamicSymbols’
    
    It is good practice to register native routines and to disable symbol
    search.
    
    See ‘Writing portable packages’ in the ‘Writing R Extensions’ manual.
Flavors: r-devel-linux-x86_64-fedora-clang, r-devel-linux-x86_64-fedora-gcc