CRAN Package Check Results for Package toOrdinal

Last updated on 2020-10-29 13:48:59 CET.

Flavor Version Tinstall Tcheck Ttotal Status Flags
r-devel-linux-x86_64-debian-clang 1.1-0.0 2.12 27.49 29.61 OK
r-devel-linux-x86_64-debian-gcc 1.1-0.0 1.76 21.55 23.31 OK
r-devel-linux-x86_64-fedora-clang 1.1-0.0 46.59 OK
r-devel-linux-x86_64-fedora-gcc 1.1-0.0 35.64 OK
r-devel-windows-ix86+x86_64 1.1-0.0 6.00 37.00 43.00 OK
r-patched-linux-x86_64 1.1-0.0 2.37 26.71 29.08 OK
r-patched-solaris-x86 1.1-0.0 54.90 WARN
r-release-linux-x86_64 1.1-0.0 2.25 26.82 29.07 OK
r-release-macos-x86_64 1.1-0.0 WARN
r-release-windows-ix86+x86_64 1.1-0.0 10.00 46.00 56.00 OK
r-oldrel-macos-x86_64 1.1-0.0 WARN
r-oldrel-windows-ix86+x86_64 1.1-0.0 4.00 44.00 48.00 OK

Check Details

Version: 1.1-0.0
Check: re-building of vignette outputs
Result: WARN
    Error(s) in re-building vignettes:
     ...
    --- re-building ‘toOrdinal.Rmd’ using rmarkdown
    Warning in engine$weave(file, quiet = quiet, encoding = enc) :
     Pandoc (>= 1.12.3) and/or pandoc-citeproc not available. Falling back to R Markdown v1.
    Quitting from lines 13-26 (toOrdinal.Rmd)
    Error: processing vignette 'toOrdinal.Rmd' failed with diagnostics:
    argument is of length zero
    --- failed re-building ‘toOrdinal.Rmd’
    
    SUMMARY: processing the following file failed:
     ‘toOrdinal.Rmd’
    
    Error: Vignette re-building failed.
    Execution halted
Flavors: r-patched-solaris-x86, r-release-macos-x86_64, r-oldrel-macos-x86_64