CRAN Package Check Results for Package topicmodels

Last updated on 2020-10-01 13:49:27 CEST.

Flavor Version Tinstall Tcheck Ttotal Status Flags
r-devel-linux-x86_64-debian-clang 0.2-11 13.74 117.83 131.57 NOTE
r-devel-linux-x86_64-debian-gcc 0.2-11 11.00 88.10 99.10 NOTE
r-devel-linux-x86_64-fedora-clang 0.2-11 177.26 NOTE
r-devel-linux-x86_64-fedora-gcc 0.2-11 170.74 NOTE
r-devel-windows-ix86+x86_64 0.2-11 39.00 178.00 217.00 NOTE
r-patched-linux-x86_64 0.2-11 12.22 115.57 127.79 NOTE
r-patched-solaris-x86 0.2-11 321.20 NOTE
r-release-linux-x86_64 0.2-11 12.45 113.99 126.44 NOTE
r-release-macos-x86_64 0.2-11 NOTE
r-release-windows-ix86+x86_64 0.2-11 45.00 210.00 255.00 NOTE
r-oldrel-macos-x86_64 0.2-11 NOTE
r-oldrel-windows-ix86+x86_64 0.2-11 43.00 218.00 261.00 NOTE

Check Details

Version: 0.2-11
Check: package dependencies
Result: NOTE
    Package suggested but not available for checking: 'corpus.JSS.papers'
Flavors: r-devel-linux-x86_64-debian-clang, r-devel-linux-x86_64-debian-gcc, r-devel-linux-x86_64-fedora-clang, r-devel-linux-x86_64-fedora-gcc, r-devel-windows-ix86+x86_64, r-patched-linux-x86_64, r-patched-solaris-x86, r-release-linux-x86_64, r-release-macos-x86_64, r-release-windows-ix86+x86_64, r-oldrel-macos-x86_64, r-oldrel-windows-ix86+x86_64