CRAN Package Check Results for Package topicmodels

Last updated on 2019-11-14 07:50:12 CET.

Flavor Version Tinstall Tcheck Ttotal Status Flags
r-devel-linux-x86_64-debian-clang 0.2-8 14.61 122.56 137.17 NOTE
r-devel-linux-x86_64-debian-gcc 0.2-8 9.78 92.56 102.34 NOTE
r-devel-linux-x86_64-fedora-clang 0.2-8 172.66 NOTE
r-devel-linux-x86_64-fedora-gcc 0.2-8 164.54 NOTE
r-devel-windows-ix86+x86_64 0.2-8 52.00 202.00 254.00 NOTE
r-patched-linux-x86_64 0.2-8 10.74 120.86 131.60 NOTE
r-patched-solaris-x86 0.2-8 324.60 NOTE
r-release-linux-x86_64 0.2-8 9.75 121.48 131.23 NOTE
r-release-windows-ix86+x86_64 0.2-8 36.00 257.00 293.00 NOTE
r-release-osx-x86_64 0.2-8 NOTE
r-oldrel-windows-ix86+x86_64 0.2-8 32.00 247.00 279.00 NOTE
r-oldrel-osx-x86_64 0.2-8 NOTE

Check Details

Version: 0.2-8
Check: package dependencies
Result: NOTE
    Package suggested but not available for checking: 'corpus.JSS.papers'
Flavors: r-devel-linux-x86_64-debian-clang, r-devel-linux-x86_64-debian-gcc, r-devel-linux-x86_64-fedora-clang, r-devel-linux-x86_64-fedora-gcc, r-devel-windows-ix86+x86_64, r-patched-linux-x86_64, r-patched-solaris-x86, r-release-linux-x86_64, r-release-windows-ix86+x86_64, r-release-osx-x86_64, r-oldrel-windows-ix86+x86_64, r-oldrel-osx-x86_64