CRAN Package Check Results for Package trelloR

Last updated on 2019-08-23 13:47:06 CEST.

Flavor Version Tinstall Tcheck Ttotal Status Flags
r-devel-linux-x86_64-debian-clang 0.1.0 4.14 34.89 39.03 OK
r-devel-linux-x86_64-debian-gcc 0.1.0 OK
r-devel-linux-x86_64-fedora-clang 0.1.0 46.17 OK
r-devel-linux-x86_64-fedora-gcc 0.1.0 45.57 OK
r-devel-windows-ix86+x86_64 0.1.0 11.00 50.00 61.00 OK
r-patched-linux-x86_64 0.1.0 3.94 33.98 37.92 OK
r-patched-solaris-x86 0.1.0 72.00 OK
r-release-linux-x86_64 0.1.0 3.78 33.65 37.43 OK
r-release-windows-ix86+x86_64 0.1.0 13.00 127.00 140.00 ERROR
r-release-osx-x86_64 0.1.0 OK
r-oldrel-windows-ix86+x86_64 0.1.0 12.00 63.00 75.00 OK
r-oldrel-osx-x86_64 0.1.0 OK

Check Details

Version: 0.1.0
Check: examples
Result: ERROR
    Running examples in 'trelloR-Ex.R' failed
    The error most likely occurred in:
    
    > ### Name: get_id
    > ### Title: Get model ID
    > ### Aliases: get_id get_id_board get_id_card
    >
    > ### ** Examples
    >
    > # Get Trello Development Roadmap board ID
    > url = "https://trello.com/b/nC8QJJoZ/trello-development-roadmap"
    > tdr_id = get_id_board(url)
    Sending request...
    Error in curl::curl_fetch_memory(url, handle = handle) :
     Empty reply from server
    Calls: get_id_board ... request_fetch -> request_fetch.write_memory -> <Anonymous>
    Execution halted
Flavor: r-release-windows-ix86+x86_64

Version: 0.1.0
Check: re-building of vignette outputs
Result: WARN
    Error(s) in re-building vignettes:
    --- re-building 'R_API_for_Trello.Rmd' using rmarkdown
    Quitting from lines 31-35 (R_API_for_Trello.Rmd)
    Error: processing vignette 'R_API_for_Trello.Rmd' failed with diagnostics:
    Timeout was reached: Operation timed out after 10013 milliseconds with 0 out of 0 bytes received
    --- failed re-building 'R_API_for_Trello.Rmd'
    
    SUMMARY: processing the following file failed:
     'R_API_for_Trello.Rmd'
    
    Error: Vignette re-building failed.
    Execution halted
Flavor: r-release-windows-ix86+x86_64