CRAN Package Check Results for Package tsfknn

Last updated on 2020-01-29 13:48:08 CET.

Flavor Version Tinstall Tcheck Ttotal Status Flags
r-devel-linux-x86_64-debian-clang 0.3.0 3.65 51.91 55.56 OK
r-devel-linux-x86_64-debian-gcc 0.3.0 3.22 40.81 44.03 OK
r-devel-linux-x86_64-fedora-clang 0.3.0 67.69 OK
r-devel-linux-x86_64-fedora-gcc 0.3.0 65.76 OK
r-devel-windows-ix86+x86_64 0.3.0 11.00 89.00 100.00 OK
r-devel-windows-ix86+x86_64-gcc8 0.3.0 26.00 73.00 99.00 OK
r-patched-linux-x86_64 0.3.0 OK
r-patched-solaris-x86 0.3.0 88.70 OK
r-release-linux-x86_64 0.3.0 3.61 46.74 50.35 OK
r-release-windows-ix86+x86_64 0.3.0 11.00 65.00 76.00 OK
r-release-osx-x86_64 0.3.0 OK
r-oldrel-windows-ix86+x86_64 0.2.0 11.00 82.00 93.00 OK
r-oldrel-osx-x86_64 0.3.0 ERROR

Check Details

Version: 0.3.0
Check: whether package can be installed
Result: ERROR
    Installation failed.
Flavor: r-oldrel-osx-x86_64