CRAN Package Check Results for Package tsfknn

Last updated on 2019-08-23 13:47:06 CEST.

Flavor Version Tinstall Tcheck Ttotal Status Flags
r-devel-linux-x86_64-debian-clang 0.3.0 3.87 48.81 52.68 OK
r-devel-linux-x86_64-debian-gcc 0.3.0 OK
r-devel-linux-x86_64-fedora-clang 0.3.0 62.53 OK
r-devel-linux-x86_64-fedora-gcc 0.3.0 60.85 OK
r-devel-windows-ix86+x86_64 0.3.0 12.00 63.00 75.00 OK
r-patched-linux-x86_64 0.3.0 3.11 46.57 49.68 OK
r-patched-solaris-x86 0.3.0 91.40 OK
r-release-linux-x86_64 0.3.0 3.93 47.98 51.91 OK
r-release-windows-ix86+x86_64 0.3.0 17.00 167.00 184.00 OK
r-release-osx-x86_64 0.3.0 OK
r-oldrel-windows-ix86+x86_64 0.2.0 11.00 82.00 93.00 OK
r-oldrel-osx-x86_64 0.3.0 ERROR

Check Details

Version: 0.3.0
Check: whether package can be installed
Result: ERROR
    Installation failed.
Flavor: r-oldrel-osx-x86_64