CRAN Package Check Results for Package tsibbledata

Last updated on 2019-09-19 11:47:10 CEST.

Flavor Version Tinstall Tcheck Ttotal Status Flags
r-devel-linux-x86_64-debian-clang 0.1.0 4.39 22.48 26.87 OK
r-devel-linux-x86_64-debian-gcc 0.1.0 4.27 18.54 22.81 OK
r-devel-linux-x86_64-fedora-clang 0.1.0 34.94 NOTE
r-devel-linux-x86_64-fedora-gcc 0.1.0 34.10 NOTE
r-devel-windows-ix86+x86_64 0.1.0 12.00 33.00 45.00 OK
r-patched-linux-x86_64 0.1.0 4.26 23.45 27.71 OK
r-patched-solaris-x86 0.1.0 56.80 NOTE
r-release-linux-x86_64 0.1.0 4.21 23.21 27.42 OK
r-release-windows-ix86+x86_64 0.1.0 9.00 54.00 63.00 OK
r-release-osx-x86_64 0.1.0 NOTE
r-oldrel-windows-ix86+x86_64 0.1.0 6.00 36.00 42.00 OK
r-oldrel-osx-x86_64 0.1.0 NOTE

Check Details

Version: 0.1.0
Check: dependencies in R code
Result: NOTE
    Namespace in Imports field not imported from: ‘tsibble’
     All declared Imports should be used.
Flavors: r-devel-linux-x86_64-fedora-clang, r-devel-linux-x86_64-fedora-gcc, r-patched-solaris-x86, r-release-osx-x86_64, r-oldrel-osx-x86_64

Version: 0.1.0
Check: data for non-ASCII characters
Result: NOTE
     Note: found 2 marked UTF-8 strings
Flavors: r-devel-linux-x86_64-fedora-clang, r-devel-linux-x86_64-fedora-gcc, r-patched-solaris-x86, r-release-osx-x86_64, r-oldrel-osx-x86_64