CRAN Package Check Results for Package tukeytrend

Last updated on 2020-02-19 13:47:26 CET.

Flavor Version Tinstall Tcheck Ttotal Status Flags
r-devel-linux-x86_64-debian-clang 0.6 8.95 100.35 109.30 WARN
r-devel-linux-x86_64-debian-gcc 0.6 8.27 116.56 124.83 OK
r-devel-linux-x86_64-fedora-clang 0.6 199.56 OK
r-devel-linux-x86_64-fedora-gcc 0.6 193.52 OK
r-devel-windows-ix86+x86_64 0.6 19.00 217.00 236.00 OK
r-devel-windows-ix86+x86_64-gcc8 0.6 36.00 167.00 203.00 OK
r-patched-linux-x86_64 0.6 8.51 135.51 144.02 OK
r-patched-solaris-x86 0.6 297.40 OK
r-release-linux-x86_64 0.6 7.28 138.55 145.83 OK
r-release-windows-ix86+x86_64 0.6 19.00 164.00 183.00 OK
r-release-osx-x86_64 0.6 OK
r-oldrel-windows-ix86+x86_64 0.6 11.00 153.00 164.00 OK
r-oldrel-osx-x86_64 0.6 OK

Check Details

Version: 0.6
Check: re-building of vignette outputs
Result: WARN
    Error(s) in re-building vignettes:
     ...
    --- re-building 'ExamplesTukeytrendtest.Rnw' using knitr
    Loading required package: multcomp
    Loading required package: mvtnorm
    Loading required package: survival
    Loading required package: TH.data
    Loading required package: MASS
    
    Attaching package: 'TH.data'
    
    The following object is masked from 'package:MASS':
    
     geyser
    
    Warning in RET$pfunction("adjusted", ...) :
     Completion with error > abseps
    Warning in RET$pfunction("adjusted", ...) :
     Completion with error > abseps
    Warning in RET$pfunction("adjusted", ...) :
     Completion with error > abseps
    Warning in RET$pfunction("adjusted", ...) :
     Completion with error > abseps
    Warning in RET$pfunction("adjusted", ...) :
     Completion with error > abseps
    Warning in RET$pfunction("adjusted", ...) :
     Completion with error > abseps
    Warning in RET$pfunction("adjusted", ...) :
     Completion with error > abseps
    Warning in RET$pfunction("adjusted", ...) :
     Completion with error > abseps
    Warning in RET$pfunction("adjusted", ...) :
     Completion with error > abseps
    Warning in RET$pfunction("adjusted", ...) :
     Completion with error > abseps
    Warning in RET$pfunction("adjusted", ...) :
     Completion with error > abseps
    Warning in RET$pfunction("adjusted", ...) :
     Completion with error > abseps
    Warning in RET$pfunction("adjusted", ...) :
     Completion with error > abseps
    Warning in RET$pfunction("adjusted", ...) :
     Completion with error > abseps
    Warning in RET$pfunction("adjusted", ...) :
     Completion with error > abseps
    Warning in RET$pfunction("adjusted", ...) :
     Completion with error > abseps
    Warning in RET$pfunction("adjusted", ...) :
     Completion with error > abseps
    Warning in RET$pfunction("adjusted", ...) :
     Completion with error > abseps
    Warning in RET$pfunction("adjusted", ...) :
     Completion with error > abseps
    Warning in RET$pfunction("adjusted", ...) :
     Completion with error > abseps
    Warning in RET$pfunction("adjusted", ...) :
     Completion with error > abseps
    Warning in RET$pfunction("adjusted", ...) :
     Completion with error > abseps
    Warning in RET$pfunction("adjusted", ...) :
     Completion with error > abseps
    Warning in RET$pfunction("adjusted", ...) :
     Completion with error > abseps
    Warning in RET$pfunction("adjusted", ...) :
     Completion with error > abseps
    Warning in RET$pfunction("adjusted", ...) :
     Completion with error > abseps
    Warning in RET$pfunction("adjusted", ...) :
     Completion with error > abseps
    Quitting from lines 2073-2084 (ExamplesTukeytrendtest.Rnw)
    Error: processing vignette 'ExamplesTukeytrendtest.Rnw' failed with diagnostics:
    y values must be 0 <= y <= 1
    --- failed re-building 'ExamplesTukeytrendtest.Rnw'
    
    SUMMARY: processing the following file failed:
     'ExamplesTukeytrendtest.Rnw'
    
    Error: Vignette re-building failed.
    Execution halted
Flavor: r-devel-linux-x86_64-debian-clang