CRAN Package Check Results for Package tune

Last updated on 2021-04-11 06:47:17 CEST.

Flavor Version Tinstall Tcheck Ttotal Status Flags
r-devel-linux-x86_64-debian-clang 0.1.3 23.07 164.26 187.33 ERROR
r-devel-linux-x86_64-debian-gcc 0.1.3 17.79 119.50 137.29 OK
r-devel-linux-x86_64-fedora-clang 0.1.3 224.11 OK
r-devel-linux-x86_64-fedora-gcc 0.1.3 221.06 OK
r-devel-windows-ix86+x86_64 0.1.3 33.00 143.00 176.00 OK
r-devel-windows-x86_64-gcc10-UCRT 0.1.3 OK
r-patched-linux-x86_64 0.1.3 19.83 149.07 168.90 OK
r-patched-solaris-x86 0.1.3 301.90 OK
r-release-linux-x86_64 0.1.3 20.03 149.35 169.38 OK
r-release-macos-x86_64 0.1.3 OK
r-release-windows-ix86+x86_64 0.1.3 47.00 193.00 240.00 OK
r-oldrel-macos-x86_64 0.1.3 OK
r-oldrel-windows-ix86+x86_64 0.1.3 42.00 137.00 179.00 OK

Check Details

Version: 0.1.3
Check: examples
Result: ERROR
    Running examples in 'tune-Ex.R' failed
    The error most likely occurred in:
    
    > base::assign(".ptime", proc.time(), pos = "CheckExEnv")
    > ### Name: message_wrap
    > ### Title: Write a message that respects the line width
    > ### Aliases: message_wrap
    >
    > ### ** Examples
    >
    > library(cli)
    > Gaiman <-
    + paste(
    + '"Good point." Bod was pleased with himself, and glad he had thought of',
    + <ERROR: re-encoding failure from encoding 'UTF-8'>
     'asking the poet for advice. Really, he thought, if you couldn...
    + 'poet to offer sensible advice, who could you trust?',
    Error: unexpected symbol in:
    " 'asking the poet for advice. Really, he thought, if you couldn...
     'poet"
    Execution halted
Flavor: r-devel-linux-x86_64-debian-clang