CRAN Package Check Results for Package ufs

Last updated on 2019-12-06 13:48:55 CET.

Flavor Version Tinstall Tcheck Ttotal Status Flags
r-devel-linux-x86_64-debian-clang 0.3.1 12.42 97.42 109.84 OK
r-devel-linux-x86_64-debian-gcc 0.3.1 9.20 73.03 82.23 OK
r-devel-linux-x86_64-fedora-clang 0.3.1 126.20 NOTE
r-devel-linux-x86_64-fedora-gcc 0.3.1 126.08 NOTE
r-devel-windows-ix86+x86_64 0.3.1 19.00 161.00 180.00 OK
r-devel-windows-ix86+x86_64-gcc8 0.3.1 22.00 123.00 145.00 OK
r-patched-linux-x86_64 0.3.1 9.99 86.16 96.15 OK
r-patched-solaris-x86 0.3.1 159.30 NOTE
r-release-linux-x86_64 0.3.1 8.67 87.78 96.45 OK
r-release-windows-ix86+x86_64 0.3.1 15.00 110.00 125.00 OK
r-release-osx-x86_64 0.3.1 NOTE
r-oldrel-windows-ix86+x86_64 0.3.1 12.00 110.00 122.00 OK
r-oldrel-osx-x86_64 0.3.1 NOTE

Check Details

Version: 0.3.1
Check: dependencies in R code
Result: NOTE
    Namespace in Imports field not imported from: ‘viridis’
     All declared Imports should be used.
Flavors: r-devel-linux-x86_64-fedora-clang, r-devel-linux-x86_64-fedora-gcc, r-patched-solaris-x86, r-release-osx-x86_64, r-oldrel-osx-x86_64