Last updated on 2021-01-18 06:46:52 CET.
Flavor | Version | Tinstall | Tcheck | Ttotal | Status | Flags |
---|---|---|---|---|---|---|
r-devel-linux-x86_64-debian-clang | 1.1.0 | 4.73 | 110.98 | 115.71 | OK | |
r-devel-linux-x86_64-debian-gcc | 1.1.0 | 4.19 | 77.00 | 81.19 | OK | |
r-devel-linux-x86_64-fedora-clang | 1.1.0 | 148.81 | NOTE | |||
r-devel-linux-x86_64-fedora-gcc | 1.1.0 | 138.47 | NOTE | |||
r-devel-windows-ix86+x86_64 | 1.1.0 | 7.00 | 127.00 | 134.00 | OK | |
r-patched-linux-x86_64 | 1.1.0 | 4.66 | 106.37 | 111.03 | OK | |
r-patched-solaris-x86 | 1.1.0 | 207.00 | NOTE | |||
r-release-linux-x86_64 | 1.1.0 | 4.37 | 107.84 | 112.21 | OK | |
r-release-macos-x86_64 | 1.1.0 | NOTE | ||||
r-release-windows-ix86+x86_64 | 1.1.0 | 7.00 | 122.00 | 129.00 | OK | |
r-oldrel-macos-x86_64 | 1.1.0 | NOTE | ||||
r-oldrel-windows-ix86+x86_64 | 1.1.0 | 8.00 | 142.00 | 150.00 | OK |
Version: 1.1.0
Check: dependencies in R code
Result: NOTE
Namespaces in Imports field not imported from:
‘extraDistr’ ‘logitnorm’ ‘nakagami’ ‘tibble’
All declared Imports should be used.
Flavors: r-devel-linux-x86_64-fedora-clang, r-devel-linux-x86_64-fedora-gcc, r-patched-solaris-x86, r-release-macos-x86_64, r-oldrel-macos-x86_64