CRAN Package Check Results for Package virtuoso

Last updated on 2019-08-23 13:47:07 CEST.

Flavor Version Tinstall Tcheck Ttotal Status Flags
r-devel-linux-x86_64-debian-clang 0.1.3 4.71 49.34 54.05 OK
r-devel-linux-x86_64-debian-gcc 0.1.3 OK
r-devel-linux-x86_64-fedora-clang 0.1.3 60.37 OK
r-devel-linux-x86_64-fedora-gcc 0.1.3 68.46 OK
r-devel-windows-ix86+x86_64 0.1.3 12.00 96.00 108.00 OK
r-patched-linux-x86_64 0.1.3 4.40 47.89 52.29 OK
r-patched-solaris-x86 0.1.3 87.10 ERROR
r-release-linux-x86_64 0.1.3 4.62 49.57 54.19 OK
r-release-windows-ix86+x86_64 0.1.3 18.00 255.00 273.00 OK
r-release-osx-x86_64 0.1.3 OK
r-oldrel-windows-ix86+x86_64 0.1.3 12.00 138.00 150.00 OK
r-oldrel-osx-x86_64 0.1.3 OK

Check Details

Version: 0.1.3
Check: examples
Result: ERROR
    Running examples in ‘virtuoso-Ex.R’ failed
    The error most likely occurred in:
    
    > ### Name: vos_connect
    > ### Title: Connect to a Virtuoso Server over ODBC
    > ### Aliases: vos_connect
    >
    > ### ** Examples
    >
    > vos_status()
    Error in ps_pids() : Not implemented for this platform
    Calls: vos_status ... vos_process -> virtuoso_pid -> <Anonymous> -> ps_pids
    Execution halted
Flavor: r-patched-solaris-x86

Version: 0.1.3
Check: tests
Result: ERROR
     Running ‘spelling.R’
     Running ‘testthat.R’
    Running the tests in ‘tests/testthat.R’ failed.
    Complete output:
     > library(testthat)
     > library(virtuoso)
     >
     > Sys.setenv(INTERACTIVE = FALSE) # Overrides detected interactive behavior
     > test_check("virtuoso")
     ── 1. Error: assert allowed dirs exits if server not connected (@test-utilities
     Not implemented for this platform
     1: skip_if(!is.null(suppressMessages(vos_status()))) at testthat/test-utilities.R:16
     2: isTRUE(condition)
     3: suppressMessages(vos_status())
     4: withCallingHandlers(expr, message = function(c) invokeRestart("muffleMessage"))
     5: vos_status()
     6: vos_process(p)
     7: virtuoso_pid()
     8: ps::ps(...)
     9: ps_pids()
     10: stop("Not implemented for this platform")
    
     ── 2. Error: We can generate an odbcinst file (@test-vos_odbc.R#19) ───────────
     EXPR must be a length 1 vector
     1: virtuoso:::vos_odbcinst() at testthat/test-vos_odbc.R:19
     2: write(c("", "[Local Virtuoso]", paste("Driver =", find_odbc_driver()), ""), file = local_odbcinst,
     append = TRUE)
     3: cat(x, file = file, sep = c(rep.int(sep, ncolumns - 1), "\n"), append = append)
     4: paste("Driver =", find_odbc_driver())
     5: find_odbc_driver()
    
     Error in ps_pids() : Not implemented for this platform
     ── 3. Error: vos_process errors when not cached (@test-without-vos.R#4) ───────
     Not implemented for this platform
     1: suppressMessages(vos_kill()) at testthat/test-without-vos.R:4
     2: withCallingHandlers(expr, message = function(c) invokeRestart("muffleMessage"))
     3: vos_kill()
     4: vos_status(p)
     5: vos_process(p)
     6: virtuoso_pid()
     7: ps::ps(...)
     8: ps_pids()
     9: stop("Not implemented for this platform")
    
     ══ testthat results ═══════════════════════════════════════════════════════════
     [ OK: 10 | SKIPPED: 9 | WARNINGS: 1 | FAILED: 3 ]
     1. Error: assert allowed dirs exits if server not connected (@test-utilities.R#16)
     2. Error: We can generate an odbcinst file (@test-vos_odbc.R#19)
     3. Error: vos_process errors when not cached (@test-without-vos.R#4)
    
     Error: testthat unit tests failed
     Execution halted
Flavor: r-patched-solaris-x86