CRAN Package Check Results for Package vizdraws

Last updated on 2021-01-15 07:51:02 CET.

Flavor Version Tinstall Tcheck Ttotal Status Flags
r-devel-linux-x86_64-debian-clang 1.1 2.11 24.87 26.98 OK
r-devel-linux-x86_64-debian-gcc 1.1 1.54 19.92 21.46 OK
r-devel-linux-x86_64-fedora-clang 1.1 43.62 NOTE
r-devel-linux-x86_64-fedora-gcc 1.1 33.82 NOTE
r-devel-windows-ix86+x86_64 1.1 6.00 38.00 44.00 OK
r-patched-linux-x86_64 1.1 1.99 24.54 26.53 OK
r-patched-solaris-x86 1.1 50.00 WARN
r-release-linux-x86_64 1.1 2.10 24.44 26.54 OK
r-release-macos-x86_64 1.1 WARN
r-release-windows-ix86+x86_64 1.1 5.00 32.00 37.00 OK
r-oldrel-macos-x86_64 1.1 WARN
r-oldrel-windows-ix86+x86_64 1.0.0 3.00 28.00 31.00 OK

Check Details

Version: 1.1
Check: dependencies in R code
Result: NOTE
    Namespaces in Imports field not imported from:
     ‘glue’ ‘tidyr’
     All declared Imports should be used.
Flavors: r-devel-linux-x86_64-fedora-clang, r-devel-linux-x86_64-fedora-gcc, r-patched-solaris-x86, r-release-macos-x86_64, r-oldrel-macos-x86_64

Version: 1.1
Check: re-building of vignette outputs
Result: WARN
    Error(s) in re-building vignettes:
     ...
    --- re-building ‘introduction.Rmd’ using rmarkdown
    Warning in engine$weave(file, quiet = quiet, encoding = enc) :
     Pandoc (>= 1.12.3) and/or pandoc-citeproc not available. Falling back to R Markdown v1.
    --- finished re-building ‘introduction.Rmd’
    
    --- re-building ‘shiny-example.Rmd’ using rmarkdown
    Warning in engine$weave(file, quiet = quiet, encoding = enc) :
     Pandoc (>= 1.12.3) and/or pandoc-citeproc not available. Falling back to R Markdown v1.
    Quitting from lines 61-63 (shiny-example.Rmd)
    Error: processing vignette 'shiny-example.Rmd' failed with diagnostics:
    there is no package called 'webshot'
    --- failed re-building ‘shiny-example.Rmd’
    
    SUMMARY: processing the following file failed:
     ‘shiny-example.Rmd’
    
    Error: Vignette re-building failed.
    Execution halted
Flavor: r-patched-solaris-x86

Version: 1.1
Check: re-building of vignette outputs
Result: WARN
    Error(s) in re-building vignettes:
     ...
    --- re-building ‘introduction.Rmd’ using rmarkdown
    Warning in engine$weave(file, quiet = quiet, encoding = enc) :
     Pandoc (>= 1.12.3) and/or pandoc-citeproc not available. Falling back to R Markdown v1.
    --- finished re-building ‘introduction.Rmd’
    
    --- re-building ‘shiny-example.Rmd’ using rmarkdown
    Warning in engine$weave(file, quiet = quiet, encoding = enc) :
     Pandoc (>= 1.12.3) and/or pandoc-citeproc not available. Falling back to R Markdown v1.
    Quitting from lines 61-63 (shiny-example.Rmd)
    Error: processing vignette 'shiny-example.Rmd' failed with diagnostics:
    cannot open the connection
    --- failed re-building ‘shiny-example.Rmd’
    
    SUMMARY: processing the following file failed:
     ‘shiny-example.Rmd’
    
    Error: Vignette re-building failed.
    Execution halted
Flavors: r-release-macos-x86_64, r-oldrel-macos-x86_64