CRAN Package Check Results for Package volesti

Last updated on 2019-08-25 13:47:24 CEST.

Flavor Version Tinstall Tcheck Ttotal Status Flags
r-devel-linux-x86_64-debian-clang 1.0.2 270.51 80.14 350.65 OK
r-devel-linux-x86_64-debian-gcc 1.0.2 232.94 65.23 298.17 WARN
r-devel-linux-x86_64-fedora-clang 1.0.2 549.28 NOTE
r-devel-linux-x86_64-fedora-gcc 1.0.2 549.23 WARN
r-devel-windows-ix86+x86_64 1.0.2 569.00 234.00 803.00 OK
r-patched-linux-x86_64 1.0.2 258.55 84.22 342.77 OK
r-patched-solaris-x86 1.0.2 429.80 OK
r-release-linux-x86_64 1.0.2 255.55 85.34 340.89 OK
r-release-windows-ix86+x86_64 1.0.2 732.00 229.00 961.00 OK
r-release-osx-x86_64 1.0.2 NOTE
r-oldrel-windows-ix86+x86_64 1.0.2 727.00 228.00 955.00 OK
r-oldrel-osx-x86_64 1.0.2 NOTE

Check Details

Version: 1.0.2
Check: whether package can be installed
Result: WARN
    Found the following significant warnings:
     lp_MPS.c:1262:3: warning: ‘strncpy’ output may be truncated copying 12 bytes from a string of length 79 [-Wstringop-truncation]
     ../../headers/include/lpkit.h:41:99: warning: right-hand operand of comma expression has no effect [-Wunused-value]
Flavor: r-devel-linux-x86_64-debian-gcc

Version: 1.0.2
Check: installed package size
Result: NOTE
     installed size is 44.0Mb
     sub-directories of 1Mb or more:
     libs 43.4Mb
Flavors: r-devel-linux-x86_64-fedora-clang, r-release-osx-x86_64, r-oldrel-osx-x86_64

Version: 1.0.2
Check: whether package can be installed
Result: WARN
    Found the following significant warnings:
     /usr/include/bits/string_fortified.h:106:10: warning: ‘__builtin_strncpy’ output may be truncated copying 12 bytes from a string of length 79 [-Wstringop-truncation]
     ../../headers/include/lpkit.h:41:99: warning: right-hand operand of comma expression has no effect [-Wunused-value]
Flavor: r-devel-linux-x86_64-fedora-gcc