CRAN Package Check Results for Package volesti

Last updated on 2020-07-01 13:50:09 CEST.

Flavor Version Tinstall Tcheck Ttotal Status Flags
r-devel-linux-x86_64-debian-clang 1.1.1 602.20 75.70 677.90 OK
r-devel-linux-x86_64-debian-gcc 1.1.1 511.47 71.42 582.89 OK
r-devel-linux-x86_64-fedora-clang 1.1.1 1048.28 NOTE
r-devel-linux-x86_64-fedora-gcc 1.1.1 1015.01 OK
r-devel-windows-ix86+x86_64 1.1.1 1393.00 192.00 1585.00 NOTE
r-patched-linux-x86_64 1.1.1 547.21 92.97 640.18 OK
r-patched-solaris-x86 1.1.1 689.10 OK
r-release-linux-x86_64 1.1.1 541.31 94.50 635.81 OK
r-release-osx-x86_64 1.1.1 NOTE
r-release-windows-ix86+x86_64 1.1.1 1066.00 196.00 1262.00 NOTE
r-oldrel-osx-x86_64 1.1.1 NOTE
r-oldrel-windows-ix86+x86_64 1.1.1 1063.00 197.00 1260.00 NOTE

Check Details

Version: 1.1.1
Check: installed package size
Result: NOTE
     installed size is 88.9Mb
     sub-directories of 1Mb or more:
     libs 88.6Mb
Flavors: r-devel-linux-x86_64-fedora-clang, r-devel-windows-ix86+x86_64, r-release-osx-x86_64, r-release-windows-ix86+x86_64, r-oldrel-osx-x86_64, r-oldrel-windows-ix86+x86_64